{"id":1171,"date":"2022-05-03T19:07:42","date_gmt":"2022-05-03T19:07:42","guid":{"rendered":"https:\/\/cormenpolska.pl\/?post_type=product&#038;p=1171"},"modified":"2025-02-26T14:33:59","modified_gmt":"2025-02-26T14:33:59","slug":"isolda-wosk-pszczeli-z-macierzanka-krem-nawilzajacy-100-ml-100","status":"publish","type":"product","link":"https:\/\/cormenpolska.pl\/?product=isolda-wosk-pszczeli-z-macierzanka-krem-nawilzajacy-100-ml-100","title":{"rendered":"ISOLDA WOSK PSZCZELI Z MACIERZANK\u0104 100 ml"},"content":{"rendered":"<p>Przebadany klinicznie krem do skutecznego nawil\u017cania sk\u00f3ry, zawiera wosk pszczeli i wyci\u0105g z macierzanki. W przypadku regularnego stosowania sk\u00f3ra pozostaje mi\u0119kka i spr\u0119\u017cysta bez uczucia t\u0142ustych r\u0105k. Przyjemne uczucie komfortu zwi\u0105zane z u\u017cywaniem kremu, wzmacnia delikatny zio\u0142owy aromat.<br \/>\nZe wzgl\u0119du na swoje w\u0142a\u015bciwo\u015bci, krem ten jest stosowany w r\u00f3\u017cnych obszarach produkcji i us\u0142ug, dlatego jest r\u00f3wnie\u017c dost\u0119pny w opakowaniach do dozownik\u00f3w i zasobnik\u00f3w.<\/p>\n<p>Pojemno\u015b\u0107: 100ml<\/p>\n","protected":false},"excerpt":{"rendered":"<p>Przebadany klinicznie krem do skutecznego nawil\u017cania sk\u00f3ry, zawiera wosk pszczeli i wyci\u0105g z macierzanki. W przypadku regularnego stosowania sk\u00f3ra pozostaje mi\u0119kka i spr\u0119\u017cysta bez uczucia t\u0142ustych r\u0105k. Przyjemne uczucie komfortu zwi\u0105zane z u\u017cywaniem kremu, wzmacnia delikatny zio\u0142owy aromat. Ze wzgl\u0119du &hellip; <a class=\"kt-excerpt-readmore more-link\" href=\"https:\/\/cormenpolska.pl\/?product=isolda-wosk-pszczeli-z-macierzanka-krem-nawilzajacy-100-ml-100\">Czytaj wi\u0119cej<\/a><\/p>\n","protected":false},"featured_media":1705,"comment_status":"closed","ping_status":"closed","template":"","meta":{"inline_featured_image":false},"product_brand":[],"product_cat":[134,137],"product_tag":[],"class_list":{"0":"post-1171","1":"product","2":"type-product","3":"status-publish","4":"has-post-thumbnail","6":"product_cat-kremy-do-rak-higiena-rak-i-ciala","7":"product_cat-kremy-do-rak-higiena-pracy","9":"first","10":"instock","11":"taxable","12":"shipping-taxable","13":"purchasable","14":"product-type-simple"},"_links":{"self":[{"href":"https:\/\/cormenpolska.pl\/index.php?rest_route=\/wp\/v2\/product\/1171","targetHints":{"allow":["GET"]}}],"collection":[{"href":"https:\/\/cormenpolska.pl\/index.php?rest_route=\/wp\/v2\/product"}],"about":[{"href":"https:\/\/cormenpolska.pl\/index.php?rest_route=\/wp\/v2\/types\/product"}],"replies":[{"embeddable":true,"href":"https:\/\/cormenpolska.pl\/index.php?rest_route=%2Fwp%2Fv2%2Fcomments&post=1171"}],"wp:featuredmedia":[{"embeddable":true,"href":"https:\/\/cormenpolska.pl\/index.php?rest_route=\/wp\/v2\/media\/1705"}],"wp:attachment":[{"href":"https:\/\/cormenpolska.pl\/index.php?rest_route=%2Fwp%2Fv2%2Fmedia&parent=1171"}],"wp:term":[{"taxonomy":"product_brand","embeddable":true,"href":"https:\/\/cormenpolska.pl\/index.php?rest_route=%2Fwp%2Fv2%2Fproduct_brand&post=1171"},{"taxonomy":"product_cat","embeddable":true,"href":"https:\/\/cormenpolska.pl\/index.php?rest_route=%2Fwp%2Fv2%2Fproduct_cat&post=1171"},{"taxonomy":"product_tag","embeddable":true,"href":"https:\/\/cormenpolska.pl\/index.php?rest_route=%2Fwp%2Fv2%2Fproduct_tag&post=1171"}],"curies":[{"name":"wp","href":"https:\/\/api.w.org\/{rel}","templated":true}]}}