{"id":1182,"date":"2022-05-03T19:07:43","date_gmt":"2022-05-03T19:07:43","guid":{"rendered":"https:\/\/cormenpolska.pl\/?post_type=product&#038;p=1182"},"modified":"2023-05-29T18:23:02","modified_gmt":"2023-05-29T18:23:02","slug":"vakavo-ginkgo-biloba","status":"publish","type":"product","link":"https:\/\/cormenpolska.pl\/?product=vakavo-ginkgo-biloba","title":{"rendered":"VAKAVO GINKGO BILOBA 100 ml"},"content":{"rendered":"<p>Krem do r\u0105k o lekkiej konsystencji, dobrze si\u0119 wch\u0142ania i pozostawia sk\u00f3r\u0119 elastyczn\u0105. Delikatna baza kremowa z gliceryn\u0105 i ekstraktem z mi\u0142orz\u0119bu, \u0142\u0105czy sprawdzon\u0105 jako\u015b\u0107 a sk\u0142adniki aktywne, chroni\u0105 i zmi\u0119kczaj\u0105 sk\u00f3r\u0119. Nie pozostawia uczucia t\u0142ustych r\u0105k. Ze wzgl\u0119du na swoj\u0105 jako\u015b\u0107 i cen\u0119, krem jest doskona\u0142ym produktem wystawianym do przetarg\u00f3w.<\/p>\n<p>Pojemno\u015b\u0107: 100ml<\/p>\n","protected":false},"excerpt":{"rendered":"<p>Krem do r\u0105k o lekkiej konsystencji, dobrze si\u0119 wch\u0142ania i pozostawia sk\u00f3r\u0119 elastyczn\u0105. Delikatna baza kremowa z gliceryn\u0105 i ekstraktem z mi\u0142orz\u0119bu, \u0142\u0105czy sprawdzon\u0105 jako\u015b\u0107 a sk\u0142adniki aktywne, chroni\u0105 i zmi\u0119kczaj\u0105 sk\u00f3r\u0119. Nie pozostawia uczucia t\u0142ustych r\u0105k. Ze wzgl\u0119du na &hellip; <a class=\"kt-excerpt-readmore more-link\" href=\"https:\/\/cormenpolska.pl\/?product=vakavo-ginkgo-biloba\">Czytaj wi\u0119cej<\/a><\/p>\n","protected":false},"featured_media":1715,"comment_status":"closed","ping_status":"closed","template":"","meta":{"inline_featured_image":false},"product_brand":[],"product_cat":[134,137],"product_tag":[],"class_list":{"0":"post-1182","1":"product","2":"type-product","3":"status-publish","4":"has-post-thumbnail","6":"product_cat-kremy-do-rak-higiena-rak-i-ciala","7":"product_cat-kremy-do-rak-higiena-pracy","9":"first","10":"onbackorder","11":"downloadable","12":"taxable","13":"shipping-taxable","14":"purchasable","15":"product-type-simple"},"_links":{"self":[{"href":"https:\/\/cormenpolska.pl\/index.php?rest_route=\/wp\/v2\/product\/1182","targetHints":{"allow":["GET"]}}],"collection":[{"href":"https:\/\/cormenpolska.pl\/index.php?rest_route=\/wp\/v2\/product"}],"about":[{"href":"https:\/\/cormenpolska.pl\/index.php?rest_route=\/wp\/v2\/types\/product"}],"replies":[{"embeddable":true,"href":"https:\/\/cormenpolska.pl\/index.php?rest_route=%2Fwp%2Fv2%2Fcomments&post=1182"}],"wp:featuredmedia":[{"embeddable":true,"href":"https:\/\/cormenpolska.pl\/index.php?rest_route=\/wp\/v2\/media\/1715"}],"wp:attachment":[{"href":"https:\/\/cormenpolska.pl\/index.php?rest_route=%2Fwp%2Fv2%2Fmedia&parent=1182"}],"wp:term":[{"taxonomy":"product_brand","embeddable":true,"href":"https:\/\/cormenpolska.pl\/index.php?rest_route=%2Fwp%2Fv2%2Fproduct_brand&post=1182"},{"taxonomy":"product_cat","embeddable":true,"href":"https:\/\/cormenpolska.pl\/index.php?rest_route=%2Fwp%2Fv2%2Fproduct_cat&post=1182"},{"taxonomy":"product_tag","embeddable":true,"href":"https:\/\/cormenpolska.pl\/index.php?rest_route=%2Fwp%2Fv2%2Fproduct_tag&post=1182"}],"curies":[{"name":"wp","href":"https:\/\/api.w.org\/{rel}","templated":true}]}}