{"id":1258,"date":"2022-05-03T19:07:49","date_gmt":"2022-05-03T19:07:49","guid":{"rendered":"https:\/\/cormenpolska.pl\/?post_type=product&#038;p=1258"},"modified":"2023-02-01T15:18:13","modified_gmt":"2023-02-01T15:18:13","slug":"vakavo-szampon-do-wlosow-brzoza-pokrzywa-500ml-clickgo","status":"publish","type":"product","link":"https:\/\/cormenpolska.pl\/?product=vakavo-szampon-do-wlosow-brzoza-pokrzywa-500ml-clickgo","title":{"rendered":"VAKAVO szampon do w\u0142os\u00f3w brzoza-pokrzywa 500ml"},"content":{"rendered":"<p>Szampon do w\u0142os\u00f3w z wyci\u0105giem z pokrzywy i brzozy. To dok\u0142adnie myj\u0105cykoncentrat o du\u017cym stopniu st\u0119\u017cenia. Aktywnie piel\u0119gnuje w\u0142osy i u\u0142atwiaich rozczesywanie. Dzi\u0119ki kombinacji poszczeg\u00f3lnych sk\u0142adnik\u00f3w wytwarza bogat\u0105 piank\u0119, kt\u00f3ra dok\u0142adnie usuwa nieczysto\u015bci z w\u0142os\u00f3w. Wyci\u0105g z pokrzywy i brzozy dodaje w\u0142osom aksamitnego blasku.<\/p>\n","protected":false},"excerpt":{"rendered":"<p>Szampon do w\u0142os\u00f3w z wyci\u0105giem z pokrzywy i brzozy. To dok\u0142adnie myj\u0105cykoncentrat o du\u017cym stopniu st\u0119\u017cenia. Aktywnie piel\u0119gnuje w\u0142osy i u\u0142atwiaich rozczesywanie. Dzi\u0119ki kombinacji poszczeg\u00f3lnych sk\u0142adnik\u00f3w wytwarza bogat\u0105 piank\u0119, kt\u00f3ra dok\u0142adnie usuwa nieczysto\u015bci z w\u0142os\u00f3w. Wyci\u0105g z pokrzywy i brzozy &hellip; <a class=\"kt-excerpt-readmore more-link\" href=\"https:\/\/cormenpolska.pl\/?product=vakavo-szampon-do-wlosow-brzoza-pokrzywa-500ml-clickgo\">Czytaj wi\u0119cej<\/a><\/p>\n","protected":false},"featured_media":2208,"comment_status":"closed","ping_status":"closed","template":"","meta":{"inline_featured_image":false},"product_brand":[],"product_cat":[132],"product_tag":[],"class_list":{"0":"post-1258","1":"product","2":"type-product","3":"status-publish","4":"has-post-thumbnail","6":"product_cat-szampony-i-zele-pod-prysznic","8":"first","9":"instock","10":"taxable","11":"shipping-taxable","12":"purchasable","13":"product-type-simple"},"_links":{"self":[{"href":"https:\/\/cormenpolska.pl\/index.php?rest_route=\/wp\/v2\/product\/1258","targetHints":{"allow":["GET"]}}],"collection":[{"href":"https:\/\/cormenpolska.pl\/index.php?rest_route=\/wp\/v2\/product"}],"about":[{"href":"https:\/\/cormenpolska.pl\/index.php?rest_route=\/wp\/v2\/types\/product"}],"replies":[{"embeddable":true,"href":"https:\/\/cormenpolska.pl\/index.php?rest_route=%2Fwp%2Fv2%2Fcomments&post=1258"}],"wp:featuredmedia":[{"embeddable":true,"href":"https:\/\/cormenpolska.pl\/index.php?rest_route=\/wp\/v2\/media\/2208"}],"wp:attachment":[{"href":"https:\/\/cormenpolska.pl\/index.php?rest_route=%2Fwp%2Fv2%2Fmedia&parent=1258"}],"wp:term":[{"taxonomy":"product_brand","embeddable":true,"href":"https:\/\/cormenpolska.pl\/index.php?rest_route=%2Fwp%2Fv2%2Fproduct_brand&post=1258"},{"taxonomy":"product_cat","embeddable":true,"href":"https:\/\/cormenpolska.pl\/index.php?rest_route=%2Fwp%2Fv2%2Fproduct_cat&post=1258"},{"taxonomy":"product_tag","embeddable":true,"href":"https:\/\/cormenpolska.pl\/index.php?rest_route=%2Fwp%2Fv2%2Fproduct_tag&post=1258"}],"curies":[{"name":"wp","href":"https:\/\/api.w.org\/{rel}","templated":true}]}}