{"id":1368,"date":"2022-05-03T19:08:00","date_gmt":"2022-05-03T19:08:00","guid":{"rendered":"https:\/\/cormenpolska.pl\/?post_type=product&#038;p=1368"},"modified":"2023-02-01T15:47:32","modified_gmt":"2023-02-01T15:47:32","slug":"krystal-maszynowe-mycie-naczyn-6-kg-5-l","status":"publish","type":"product","link":"https:\/\/cormenpolska.pl\/?product=krystal-maszynowe-mycie-naczyn-6-kg-5-l","title":{"rendered":"KRYSTAL maszynowe mycie naczy\u0144 6 kg"},"content":{"rendered":"<p>P\u0142ynny, zasadowy \u015brodek, przeznaczony do zmywarek w pierwszej fazie mycia. Jest uniwersalny dla wszelkiego rodzaju zabrudze\u0144, poradzi sobie r\u00f3wnie\u017c z przypaleniami. Ulega biodegradacji. Nadaje si\u0119 do mniejszych zmywarek,m.in. w szko\u0142ach, sto\u0142\u00f3wkach i ma\u0142ych restauracjach. Zwykle dawkuje si\u0119 2 &#8211; 4 ml \/ 1 l. Przy dozowaniu od 100 ml do 10 litr\u00f3w mo\u017cna go r\u00f3wnie\u017c stosowa\u0107 do odt\u0142uszczania pod\u0142\u00f3g i blat\u00f3w kuchennych. W zmywarkach, do naczy\u0144 nale\u017cy u\u017cywa\u0107 produktu w po\u0142\u0105czeniu ze \u015brodkiem do p\u0142ukania maszynowego Krystal. Nie nadaje si\u0119 do aluminium i stop\u00f3w aluminium. pH 13,5<\/p>\n<p>Pojemno\u015b\u0107: kanister 5L<\/p>\n","protected":false},"excerpt":{"rendered":"<p>P\u0142ynny, zasadowy \u015brodek, przeznaczony do zmywarek w pierwszej fazie mycia. Jest uniwersalny dla wszelkiego rodzaju zabrudze\u0144, poradzi sobie r\u00f3wnie\u017c z przypaleniami. Ulega biodegradacji. Nadaje si\u0119 do mniejszych zmywarek,m.in. w szko\u0142ach, sto\u0142\u00f3wkach i ma\u0142ych restauracjach. Zwykle dawkuje si\u0119 2 &#8211; 4 &hellip; <a class=\"kt-excerpt-readmore more-link\" href=\"https:\/\/cormenpolska.pl\/?product=krystal-maszynowe-mycie-naczyn-6-kg-5-l\">Czytaj wi\u0119cej<\/a><\/p>\n","protected":false},"featured_media":1788,"comment_status":"closed","ping_status":"closed","template":"","meta":{"inline_featured_image":false},"product_brand":[],"product_cat":[144],"product_tag":[],"class_list":{"0":"post-1368","1":"product","2":"type-product","3":"status-publish","4":"has-post-thumbnail","6":"product_cat-obszar-kuchni-chemia-gospodarcza","8":"first","9":"instock","10":"taxable","11":"shipping-taxable","12":"purchasable","13":"product-type-simple"},"_links":{"self":[{"href":"https:\/\/cormenpolska.pl\/index.php?rest_route=\/wp\/v2\/product\/1368","targetHints":{"allow":["GET"]}}],"collection":[{"href":"https:\/\/cormenpolska.pl\/index.php?rest_route=\/wp\/v2\/product"}],"about":[{"href":"https:\/\/cormenpolska.pl\/index.php?rest_route=\/wp\/v2\/types\/product"}],"replies":[{"embeddable":true,"href":"https:\/\/cormenpolska.pl\/index.php?rest_route=%2Fwp%2Fv2%2Fcomments&post=1368"}],"wp:featuredmedia":[{"embeddable":true,"href":"https:\/\/cormenpolska.pl\/index.php?rest_route=\/wp\/v2\/media\/1788"}],"wp:attachment":[{"href":"https:\/\/cormenpolska.pl\/index.php?rest_route=%2Fwp%2Fv2%2Fmedia&parent=1368"}],"wp:term":[{"taxonomy":"product_brand","embeddable":true,"href":"https:\/\/cormenpolska.pl\/index.php?rest_route=%2Fwp%2Fv2%2Fproduct_brand&post=1368"},{"taxonomy":"product_cat","embeddable":true,"href":"https:\/\/cormenpolska.pl\/index.php?rest_route=%2Fwp%2Fv2%2Fproduct_cat&post=1368"},{"taxonomy":"product_tag","embeddable":true,"href":"https:\/\/cormenpolska.pl\/index.php?rest_route=%2Fwp%2Fv2%2Fproduct_tag&post=1368"}],"curies":[{"name":"wp","href":"https:\/\/api.w.org\/{rel}","templated":true}]}}