{"id":1374,"date":"2022-05-03T19:08:01","date_gmt":"2022-05-03T19:08:01","guid":{"rendered":"https:\/\/cormenpolska.pl\/?post_type=product&#038;p=1374"},"modified":"2024-09-10T11:33:58","modified_gmt":"2024-09-10T11:33:58","slug":"krystal-do-mycia-naczyn-lemongrass-750-ml","status":"publish","type":"product","link":"https:\/\/cormenpolska.pl\/?product=krystal-do-mycia-naczyn-lemongrass-750-ml","title":{"rendered":"KRYSTAL do mycia naczy\u0144 Lemongrass 750 ml"},"content":{"rendered":"<p>Przyjemny zapach trawy cytrynowej, doskonale myje naczynia ze stali nierdzewnej i szk\u0142a. Charakteryzuje si\u0119 du\u017c\u0105 pienisto\u015bci\u0105 i wysok\u0105 wydajno\u015bci\u0105 mycia. Zawieraczynn\u0105 substancj\u0119 chroni\u0105c\u0105 sk\u00f3r\u0119. \u015arodek zosta\u0142 poddany testom talerzowym i osi\u0105gn\u0105\u0142 znakomite wyniki.<br \/>\nDawkowanie 30-80 ml \/ na 10 l wody. pH 7,5<\/p>\n<p>DOST\u0118PNE OPAKOWANIA:<br \/>\n&#8211; butelka 750 ml<br \/>\n&#8211; kanister 5 L<br \/>\n&#8211; kanister 10 L<br \/>\n&#8211; kanister 20L<\/p>\n","protected":false},"excerpt":{"rendered":"<p>Przyjemny zapach trawy cytrynowej, doskonale myje naczynia ze stali nierdzewnej i szk\u0142a. Charakteryzuje si\u0119 du\u017c\u0105 pienisto\u015bci\u0105 i wysok\u0105 wydajno\u015bci\u0105 mycia. Zawieraczynn\u0105 substancj\u0119 chroni\u0105c\u0105 sk\u00f3r\u0119. \u015arodek zosta\u0142 poddany testom talerzowym i osi\u0105gn\u0105\u0142 znakomite wyniki. Dawkowanie 30-80 ml \/ na 10 l &hellip; <a class=\"kt-excerpt-readmore more-link\" href=\"https:\/\/cormenpolska.pl\/?product=krystal-do-mycia-naczyn-lemongrass-750-ml\">Czytaj wi\u0119cej<\/a><\/p>\n","protected":false},"featured_media":1791,"comment_status":"closed","ping_status":"closed","template":"","meta":{"inline_featured_image":false},"product_brand":[],"product_cat":[144],"product_tag":[],"class_list":{"0":"post-1374","1":"product","2":"type-product","3":"status-publish","4":"has-post-thumbnail","6":"product_cat-obszar-kuchni-chemia-gospodarcza","8":"first","9":"instock","10":"taxable","11":"shipping-taxable","12":"purchasable","13":"product-type-simple"},"_links":{"self":[{"href":"https:\/\/cormenpolska.pl\/index.php?rest_route=\/wp\/v2\/product\/1374","targetHints":{"allow":["GET"]}}],"collection":[{"href":"https:\/\/cormenpolska.pl\/index.php?rest_route=\/wp\/v2\/product"}],"about":[{"href":"https:\/\/cormenpolska.pl\/index.php?rest_route=\/wp\/v2\/types\/product"}],"replies":[{"embeddable":true,"href":"https:\/\/cormenpolska.pl\/index.php?rest_route=%2Fwp%2Fv2%2Fcomments&post=1374"}],"wp:featuredmedia":[{"embeddable":true,"href":"https:\/\/cormenpolska.pl\/index.php?rest_route=\/wp\/v2\/media\/1791"}],"wp:attachment":[{"href":"https:\/\/cormenpolska.pl\/index.php?rest_route=%2Fwp%2Fv2%2Fmedia&parent=1374"}],"wp:term":[{"taxonomy":"product_brand","embeddable":true,"href":"https:\/\/cormenpolska.pl\/index.php?rest_route=%2Fwp%2Fv2%2Fproduct_brand&post=1374"},{"taxonomy":"product_cat","embeddable":true,"href":"https:\/\/cormenpolska.pl\/index.php?rest_route=%2Fwp%2Fv2%2Fproduct_cat&post=1374"},{"taxonomy":"product_tag","embeddable":true,"href":"https:\/\/cormenpolska.pl\/index.php?rest_route=%2Fwp%2Fv2%2Fproduct_tag&post=1374"}],"curies":[{"name":"wp","href":"https:\/\/api.w.org\/{rel}","templated":true}]}}