{"id":1392,"date":"2022-05-03T19:08:03","date_gmt":"2022-05-03T19:08:03","guid":{"rendered":"https:\/\/cormenpolska.pl\/?post_type=product&#038;p=1392"},"modified":"2024-01-17T17:44:13","modified_gmt":"2024-01-17T17:44:13","slug":"krystal-wc-kwasny-do-stali-nierdzewnej-i-ceramiki-rozowy-5-l","status":"publish","type":"product","link":"https:\/\/cormenpolska.pl\/?product=krystal-wc-kwasny-do-stali-nierdzewnej-i-ceramiki-rozowy-5-l","title":{"rendered":"KRYSTAL &#8211; WC KWA\u015aNY DO STALI NIERDZEWNEJ I CERAMIKI &#8211; R\u00d3\u017bOWY, 5 l"},"content":{"rendered":"<p>\u015arodek myj\u0105cy i czyszcz\u0105cy zawieraj\u0105cy kwas amidosulfonowy, kt\u00f3ry usuwa rdz\u0119 i kamie\u0144. Poradzi sobie r\u00f3wnie\u017c z d\u0142ugotrwa\u0142ymi osadami opornego brudu. Nadaje si\u0119 do czyszczenia toalet ze stali nierdzewnej, ceramiki sanitarnej i p\u0142ytek. W muszli klozetowej dzia\u0142a powy\u017cej i poni\u017cej poziomu wody i zapobiega gromadzeniu si\u0119 kamienia. pH 1<\/p>\n<p>DOST\u0118PNE OPAKOWANIA<br \/>\n&#8211; butelka z aplikatorem 750ml<br \/>\n&#8211; kanister 5L<\/p>\n","protected":false},"excerpt":{"rendered":"<p>\u015arodek myj\u0105cy i czyszcz\u0105cy zawieraj\u0105cy kwas amidosulfonowy, kt\u00f3ry usuwa rdz\u0119 i kamie\u0144. Poradzi sobie r\u00f3wnie\u017c z d\u0142ugotrwa\u0142ymi osadami opornego brudu. Nadaje si\u0119 do czyszczenia toalet ze stali nierdzewnej, ceramiki sanitarnej i p\u0142ytek. W muszli klozetowej dzia\u0142a powy\u017cej i poni\u017cej poziomu &hellip; <a class=\"kt-excerpt-readmore more-link\" href=\"https:\/\/cormenpolska.pl\/?product=krystal-wc-kwasny-do-stali-nierdzewnej-i-ceramiki-rozowy-5-l\">Czytaj wi\u0119cej<\/a><\/p>\n","protected":false},"featured_media":1804,"comment_status":"closed","ping_status":"closed","template":"","meta":{"inline_featured_image":false},"product_brand":[],"product_cat":[145],"product_tag":[],"class_list":{"0":"post-1392","1":"product","2":"type-product","3":"status-publish","4":"has-post-thumbnail","6":"product_cat-obszar-toalety-i-lazienki","8":"first","9":"onbackorder","10":"taxable","11":"shipping-taxable","12":"purchasable","13":"product-type-simple"},"_links":{"self":[{"href":"https:\/\/cormenpolska.pl\/index.php?rest_route=\/wp\/v2\/product\/1392","targetHints":{"allow":["GET"]}}],"collection":[{"href":"https:\/\/cormenpolska.pl\/index.php?rest_route=\/wp\/v2\/product"}],"about":[{"href":"https:\/\/cormenpolska.pl\/index.php?rest_route=\/wp\/v2\/types\/product"}],"replies":[{"embeddable":true,"href":"https:\/\/cormenpolska.pl\/index.php?rest_route=%2Fwp%2Fv2%2Fcomments&post=1392"}],"wp:featuredmedia":[{"embeddable":true,"href":"https:\/\/cormenpolska.pl\/index.php?rest_route=\/wp\/v2\/media\/1804"}],"wp:attachment":[{"href":"https:\/\/cormenpolska.pl\/index.php?rest_route=%2Fwp%2Fv2%2Fmedia&parent=1392"}],"wp:term":[{"taxonomy":"product_brand","embeddable":true,"href":"https:\/\/cormenpolska.pl\/index.php?rest_route=%2Fwp%2Fv2%2Fproduct_brand&post=1392"},{"taxonomy":"product_cat","embeddable":true,"href":"https:\/\/cormenpolska.pl\/index.php?rest_route=%2Fwp%2Fv2%2Fproduct_cat&post=1392"},{"taxonomy":"product_tag","embeddable":true,"href":"https:\/\/cormenpolska.pl\/index.php?rest_route=%2Fwp%2Fv2%2Fproduct_tag&post=1392"}],"curies":[{"name":"wp","href":"https:\/\/api.w.org\/{rel}","templated":true}]}}