{"id":1393,"date":"2022-05-03T19:08:03","date_gmt":"2022-05-03T19:08:03","guid":{"rendered":"https:\/\/cormenpolska.pl\/?post_type=product&#038;p=1393"},"modified":"2025-04-13T11:43:53","modified_gmt":"2025-04-13T11:43:53","slug":"krystal-wc-cleaner-eco-750-ml","status":"publish","type":"product","link":"https:\/\/cormenpolska.pl\/?product=krystal-wc-cleaner-eco-750-ml","title":{"rendered":"KRYSTAL WC Cleaner ECO 750 ml"},"content":{"rendered":"<p>Skuteczny \u015brodek do czyszczenia toalet i ceramiki sanitarnej. Jest przeznaczony do czyszczenia i sanitacji powierzchni ceramicznych. Produkt \u0142atwo ulega biodegradacji i chroni \u015brodowisko. Jest skuteczny w walce z kamieniem. Regularne stosowanie tego produktu, ogranicza tworzenie si\u0119 osad\u00f3w mineralnych i rdzy. Powierzchnia pozostaje czysta przez d\u0142u\u017cszy czas, ogranicza osadzania si\u0119 brudu. Produkt nadaje si\u0119 do obiekt\u00f3w z biologiczn\u0105 oczyszczalni\u0105 \u015bciek\u00f3w. pH 1<\/p>\n<p>Poprzez prawid\u0142ow\u0105 aplikacj\u0119 produktu, zapobiegamy powstawaniu przebarwie\u0144, perfumowany, zapach owoc\u00f3w. Nanie\u015b\u0107, pozostawi\u0107 par\u0119 minut, nastepnie rozetrze\u0107 szczotka i op\u0142uka\u0107 woda.<\/p>\n<p>DOST\u0118PNE OPAKOWANIA<br \/>\n&#8211; butelka z aplikatorem 750ml<\/p>\n","protected":false},"excerpt":{"rendered":"<p>Skuteczny \u015brodek do czyszczenia toalet i ceramiki sanitarnej. Jest przeznaczony do czyszczenia i sanitacji powierzchni ceramicznych. Produkt \u0142atwo ulega biodegradacji i chroni \u015brodowisko. Jest skuteczny w walce z kamieniem. Regularne stosowanie tego produktu, ogranicza tworzenie si\u0119 osad\u00f3w mineralnych i rdzy. &hellip; <a class=\"kt-excerpt-readmore more-link\" href=\"https:\/\/cormenpolska.pl\/?product=krystal-wc-cleaner-eco-750-ml\">Czytaj wi\u0119cej<\/a><\/p>\n","protected":false},"featured_media":1805,"comment_status":"closed","ping_status":"closed","template":"","meta":{"inline_featured_image":false},"product_brand":[],"product_cat":[145,142],"product_tag":[116],"class_list":{"0":"post-1393","1":"product","2":"type-product","3":"status-publish","4":"has-post-thumbnail","6":"product_cat-obszar-toalety-i-lazienki","7":"product_cat-srodki-ekologiczne","8":"product_tag-eco","10":"first","11":"instock","12":"taxable","13":"shipping-taxable","14":"purchasable","15":"product-type-simple"},"_links":{"self":[{"href":"https:\/\/cormenpolska.pl\/index.php?rest_route=\/wp\/v2\/product\/1393","targetHints":{"allow":["GET"]}}],"collection":[{"href":"https:\/\/cormenpolska.pl\/index.php?rest_route=\/wp\/v2\/product"}],"about":[{"href":"https:\/\/cormenpolska.pl\/index.php?rest_route=\/wp\/v2\/types\/product"}],"replies":[{"embeddable":true,"href":"https:\/\/cormenpolska.pl\/index.php?rest_route=%2Fwp%2Fv2%2Fcomments&post=1393"}],"wp:featuredmedia":[{"embeddable":true,"href":"https:\/\/cormenpolska.pl\/index.php?rest_route=\/wp\/v2\/media\/1805"}],"wp:attachment":[{"href":"https:\/\/cormenpolska.pl\/index.php?rest_route=%2Fwp%2Fv2%2Fmedia&parent=1393"}],"wp:term":[{"taxonomy":"product_brand","embeddable":true,"href":"https:\/\/cormenpolska.pl\/index.php?rest_route=%2Fwp%2Fv2%2Fproduct_brand&post=1393"},{"taxonomy":"product_cat","embeddable":true,"href":"https:\/\/cormenpolska.pl\/index.php?rest_route=%2Fwp%2Fv2%2Fproduct_cat&post=1393"},{"taxonomy":"product_tag","embeddable":true,"href":"https:\/\/cormenpolska.pl\/index.php?rest_route=%2Fwp%2Fv2%2Fproduct_tag&post=1393"}],"curies":[{"name":"wp","href":"https:\/\/api.w.org\/{rel}","templated":true}]}}