{"id":1402,"date":"2022-05-03T19:08:04","date_gmt":"2022-05-03T19:08:04","guid":{"rendered":"https:\/\/cormenpolska.pl\/?post_type=product&#038;p=1402"},"modified":"2024-01-17T17:43:14","modified_gmt":"2024-01-17T17:43:14","slug":"krystal-do-lazienek-na-kamien-i-osady-750-ml","status":"publish","type":"product","link":"https:\/\/cormenpolska.pl\/?product=krystal-do-lazienek-na-kamien-i-osady-750-ml","title":{"rendered":"KRYSTAL- DO \u0141AZIENEK, NA KAMIE\u0143 I OSADY 750 ml"},"content":{"rendered":"<p>\u015arodek czyszcz\u0105cy do mycia baterii, wanien, zlewozmywak\u00f3w, kabin prysznicowych (w tym parawan\u00f3w), bruk\u00f3w i p\u0142ytek. \u015arodek czyszcz\u0105cy<br \/>\nskutecznie chroni przed osadzaniem si\u0119 kamienia i rdzy, pozostawiaj\u0105c wysoki po\u0142ysk. Mo\u017cna go stosowa\u0107 na wszystkie materia\u0142y kwasoodporne.<br \/>\nEfekt hydrofobowy zapewni, nieosadzanie si\u0119 kropel wody. Jego receptura zapewnia komfort pracy, dzi\u0119ki wyj\u0105tkowo skutecznemu sk\u0142adowi, kt\u00f3ry jest<br \/>\nwzbogacony o przyjemny aromat wi\u015bni. pH 2<\/p>\n<p>DOST\u0118PNE OPAKOWANIA<br \/>\n&#8211; butelka 750ml z napieniaczem<br \/>\n&#8211; kanister 5 L<\/p>\n","protected":false},"excerpt":{"rendered":"<p>\u015arodek czyszcz\u0105cy do mycia baterii, wanien, zlewozmywak\u00f3w, kabin prysznicowych (w tym parawan\u00f3w), bruk\u00f3w i p\u0142ytek. \u015arodek czyszcz\u0105cy skutecznie chroni przed osadzaniem si\u0119 kamienia i rdzy, pozostawiaj\u0105c wysoki po\u0142ysk. Mo\u017cna go stosowa\u0107 na wszystkie materia\u0142y kwasoodporne. Efekt hydrofobowy zapewni, nieosadzanie si\u0119 &hellip; <a class=\"kt-excerpt-readmore more-link\" href=\"https:\/\/cormenpolska.pl\/?product=krystal-do-lazienek-na-kamien-i-osady-750-ml\">Czytaj wi\u0119cej<\/a><\/p>\n","protected":false},"featured_media":1814,"comment_status":"closed","ping_status":"closed","template":"","meta":{"inline_featured_image":false},"product_brand":[],"product_cat":[145],"product_tag":[],"class_list":{"0":"post-1402","1":"product","2":"type-product","3":"status-publish","4":"has-post-thumbnail","6":"product_cat-obszar-toalety-i-lazienki","8":"first","9":"onbackorder","10":"taxable","11":"shipping-taxable","12":"purchasable","13":"product-type-simple"},"_links":{"self":[{"href":"https:\/\/cormenpolska.pl\/index.php?rest_route=\/wp\/v2\/product\/1402","targetHints":{"allow":["GET"]}}],"collection":[{"href":"https:\/\/cormenpolska.pl\/index.php?rest_route=\/wp\/v2\/product"}],"about":[{"href":"https:\/\/cormenpolska.pl\/index.php?rest_route=\/wp\/v2\/types\/product"}],"replies":[{"embeddable":true,"href":"https:\/\/cormenpolska.pl\/index.php?rest_route=%2Fwp%2Fv2%2Fcomments&post=1402"}],"wp:featuredmedia":[{"embeddable":true,"href":"https:\/\/cormenpolska.pl\/index.php?rest_route=\/wp\/v2\/media\/1814"}],"wp:attachment":[{"href":"https:\/\/cormenpolska.pl\/index.php?rest_route=%2Fwp%2Fv2%2Fmedia&parent=1402"}],"wp:term":[{"taxonomy":"product_brand","embeddable":true,"href":"https:\/\/cormenpolska.pl\/index.php?rest_route=%2Fwp%2Fv2%2Fproduct_brand&post=1402"},{"taxonomy":"product_cat","embeddable":true,"href":"https:\/\/cormenpolska.pl\/index.php?rest_route=%2Fwp%2Fv2%2Fproduct_cat&post=1402"},{"taxonomy":"product_tag","embeddable":true,"href":"https:\/\/cormenpolska.pl\/index.php?rest_route=%2Fwp%2Fv2%2Fproduct_tag&post=1402"}],"curies":[{"name":"wp","href":"https:\/\/api.w.org\/{rel}","templated":true}]}}