{"id":1417,"date":"2022-05-03T19:08:05","date_gmt":"2022-05-03T19:08:05","guid":{"rendered":"https:\/\/cormenpolska.pl\/?post_type=product&#038;p=1417"},"modified":"2023-02-01T15:58:26","modified_gmt":"2023-02-01T15:58:26","slug":"tongo-plyn-do-plukania-tkanin-sensitive-bialy-3-l","status":"publish","type":"product","link":"https:\/\/cormenpolska.pl\/?product=tongo-plyn-do-plukania-tkanin-sensitive-bialy-3-l","title":{"rendered":"TONGO p\u0142yn do p\u0142ukania tkanin Sensitive \u2013 bia\u0142y 3 L"},"content":{"rendered":"<p>P\u0142yn do p\u0142ukania Tongo wyr\u00f3\u017cnia si\u0119 dobrymi w\u0142a\u015bciwo\u015bciami zmi\u0119kczaj\u0105cymi i antystatycznymi. \u0141atwo wnika w struktur\u0119 tkaniny i pozostawia pranie delikatne i pachn\u0105ce. Specjalne dodatki u\u0142atwiaj\u0105 prasowanie. P\u0142yn jest przebadany dermatologicznie, nadaje praniu mi\u0119kko\u015b\u0107 i d\u0142ugotrwa\u0142y zapach, \u0142atwo ulega biodegradacji, pranie nie traci kolor\u00f3w ani blasku.<\/p>\n<p>Pojemno\u015b\u0107: 3 L<\/p>\n","protected":false},"excerpt":{"rendered":"<p>P\u0142yn do p\u0142ukania Tongo wyr\u00f3\u017cnia si\u0119 dobrymi w\u0142a\u015bciwo\u015bciami zmi\u0119kczaj\u0105cymi i antystatycznymi. \u0141atwo wnika w struktur\u0119 tkaniny i pozostawia pranie delikatne i pachn\u0105ce. Specjalne dodatki u\u0142atwiaj\u0105 prasowanie. P\u0142yn jest przebadany dermatologicznie, nadaje praniu mi\u0119kko\u015b\u0107 i d\u0142ugotrwa\u0142y zapach, \u0142atwo ulega biodegradacji, pranie &hellip; <a class=\"kt-excerpt-readmore more-link\" href=\"https:\/\/cormenpolska.pl\/?product=tongo-plyn-do-plukania-tkanin-sensitive-bialy-3-l\">Czytaj wi\u0119cej<\/a><\/p>\n","protected":false},"featured_media":1822,"comment_status":"closed","ping_status":"closed","template":"","meta":{"inline_featured_image":false},"product_brand":[],"product_cat":[146],"product_tag":[],"class_list":{"0":"post-1417","1":"product","2":"type-product","3":"status-publish","4":"has-post-thumbnail","6":"product_cat-srodki-do-prania","8":"first","9":"instock","10":"taxable","11":"shipping-taxable","12":"purchasable","13":"product-type-simple"},"_links":{"self":[{"href":"https:\/\/cormenpolska.pl\/index.php?rest_route=\/wp\/v2\/product\/1417","targetHints":{"allow":["GET"]}}],"collection":[{"href":"https:\/\/cormenpolska.pl\/index.php?rest_route=\/wp\/v2\/product"}],"about":[{"href":"https:\/\/cormenpolska.pl\/index.php?rest_route=\/wp\/v2\/types\/product"}],"replies":[{"embeddable":true,"href":"https:\/\/cormenpolska.pl\/index.php?rest_route=%2Fwp%2Fv2%2Fcomments&post=1417"}],"wp:featuredmedia":[{"embeddable":true,"href":"https:\/\/cormenpolska.pl\/index.php?rest_route=\/wp\/v2\/media\/1822"}],"wp:attachment":[{"href":"https:\/\/cormenpolska.pl\/index.php?rest_route=%2Fwp%2Fv2%2Fmedia&parent=1417"}],"wp:term":[{"taxonomy":"product_brand","embeddable":true,"href":"https:\/\/cormenpolska.pl\/index.php?rest_route=%2Fwp%2Fv2%2Fproduct_brand&post=1417"},{"taxonomy":"product_cat","embeddable":true,"href":"https:\/\/cormenpolska.pl\/index.php?rest_route=%2Fwp%2Fv2%2Fproduct_cat&post=1417"},{"taxonomy":"product_tag","embeddable":true,"href":"https:\/\/cormenpolska.pl\/index.php?rest_route=%2Fwp%2Fv2%2Fproduct_tag&post=1417"}],"curies":[{"name":"wp","href":"https:\/\/api.w.org\/{rel}","templated":true}]}}