{"id":1433,"date":"2022-05-03T19:08:07","date_gmt":"2022-05-03T19:08:07","guid":{"rendered":"https:\/\/cormenpolska.pl\/?post_type=product&#038;p=1433"},"modified":"2023-03-29T11:21:19","modified_gmt":"2023-03-29T11:21:19","slug":"cleamen-110-szklane-powierzchnie-1-l-1-l-2-12-384-1375-zl","status":"publish","type":"product","link":"https:\/\/cormenpolska.pl\/?product=cleamen-110-szklane-powierzchnie-1-l-1-l-2-12-384-1375-zl","title":{"rendered":"CLEAMEN 110 szklane powierzchnie 1 l"},"content":{"rendered":"<p>Przeznaczony do mycia i polerowania okien, powierzchniszklanych, wype\u0142nie\u0144 drzwi, witryn, biurek, luster i wszystkichg\u0142adkich oraz b\u0142yszcz\u0105cych powierzchni.Ma doskona\u0142e w\u0142a\u015bciwo\u015bci czyszcz\u0105ce, odt\u0142uszczaj\u0105ce i poleruj\u0105ce,zawiera nanocz\u0105steczki, jest perfumowany o zapachu owocowym.\u015arodek nale\u017cy rozpyla\u0107 lub nanosi\u0107 w postaci piany, bezpo\u015bredniona brudne powierzchnie lub na \u015bciereczk\u0119 z mikrofibry. \u015arodek mo\u017cnar\u00f3wnie\u017c rozcie\u0144czy\u0107 z wod\u0105 i przemywa\u0107 powierzchnie na mokro.<\/p>\n<p>Dost\u0119pne opakowania:<br \/>\n&#8211; butelka ze spryskiwaczem 1L<br \/>\n&#8211; kanister 5L<\/p>\n","protected":false},"excerpt":{"rendered":"<p>Przeznaczony do mycia i polerowania okien, powierzchniszklanych, wype\u0142nie\u0144 drzwi, witryn, biurek, luster i wszystkichg\u0142adkich oraz b\u0142yszcz\u0105cych powierzchni.Ma doskona\u0142e w\u0142a\u015bciwo\u015bci czyszcz\u0105ce, odt\u0142uszczaj\u0105ce i poleruj\u0105ce,zawiera nanocz\u0105steczki, jest perfumowany o zapachu owocowym.\u015arodek nale\u017cy rozpyla\u0107 lub nanosi\u0107 w postaci piany, bezpo\u015bredniona brudne powierzchnie lub &hellip; <a class=\"kt-excerpt-readmore more-link\" href=\"https:\/\/cormenpolska.pl\/?product=cleamen-110-szklane-powierzchnie-1-l-1-l-2-12-384-1375-zl\">Czytaj wi\u0119cej<\/a><\/p>\n","protected":false},"featured_media":1839,"comment_status":"closed","ping_status":"closed","template":"","meta":{"inline_featured_image":false},"product_brand":[],"product_cat":[138],"product_tag":[],"class_list":{"0":"post-1433","1":"product","2":"type-product","3":"status-publish","4":"has-post-thumbnail","6":"product_cat-obszar-ogolny","8":"first","9":"instock","10":"taxable","11":"shipping-taxable","12":"purchasable","13":"product-type-simple"},"_links":{"self":[{"href":"https:\/\/cormenpolska.pl\/index.php?rest_route=\/wp\/v2\/product\/1433","targetHints":{"allow":["GET"]}}],"collection":[{"href":"https:\/\/cormenpolska.pl\/index.php?rest_route=\/wp\/v2\/product"}],"about":[{"href":"https:\/\/cormenpolska.pl\/index.php?rest_route=\/wp\/v2\/types\/product"}],"replies":[{"embeddable":true,"href":"https:\/\/cormenpolska.pl\/index.php?rest_route=%2Fwp%2Fv2%2Fcomments&post=1433"}],"wp:featuredmedia":[{"embeddable":true,"href":"https:\/\/cormenpolska.pl\/index.php?rest_route=\/wp\/v2\/media\/1839"}],"wp:attachment":[{"href":"https:\/\/cormenpolska.pl\/index.php?rest_route=%2Fwp%2Fv2%2Fmedia&parent=1433"}],"wp:term":[{"taxonomy":"product_brand","embeddable":true,"href":"https:\/\/cormenpolska.pl\/index.php?rest_route=%2Fwp%2Fv2%2Fproduct_brand&post=1433"},{"taxonomy":"product_cat","embeddable":true,"href":"https:\/\/cormenpolska.pl\/index.php?rest_route=%2Fwp%2Fv2%2Fproduct_cat&post=1433"},{"taxonomy":"product_tag","embeddable":true,"href":"https:\/\/cormenpolska.pl\/index.php?rest_route=%2Fwp%2Fv2%2Fproduct_tag&post=1433"}],"curies":[{"name":"wp","href":"https:\/\/api.w.org\/{rel}","templated":true}]}}