{"id":1437,"date":"2022-05-03T19:08:07","date_gmt":"2022-05-03T19:08:07","guid":{"rendered":"https:\/\/cormenpolska.pl\/?post_type=product&#038;p=1437"},"modified":"2024-02-26T11:46:36","modified_gmt":"2024-02-26T11:46:36","slug":"cleamen-112-do-okien-i-ram-10-l","status":"publish","type":"product","link":"https:\/\/cormenpolska.pl\/?product=cleamen-112-do-okien-i-ram-10-l","title":{"rendered":"CLEAMEN 112 do okien i ram 10 l"},"content":{"rendered":"<p>Przeznaczony do mycia okien, ram i\u00a0powierzchni szklanych, wype\u0142nie\u0144 drzwi, witryn, laminat\u00f3w, blat\u00f3w, luster i\u00a0wszystkich g\u0142adkich, l\u015bni\u0105cych wodoodpornych powierzchni metod\u0105 na mokro. Nowoczesny \u015brodek do mycia, na bazie alkoholu o\u00a0doskona\u0142ych w\u0142a\u015bciwo\u015bciach czyszcz\u0105cych, odt\u0142uszczaj\u0105cych i\u00a0poleruj\u0105cych, przyjemnie perfumowany. Na czyszczone powierzchnie na\u0142o\u017cy\u0107 za pomoc\u0105 myjki lub g\u0105bki, na chwil\u0119 pozostawi\u0107 na powierzchni, a\u00a0nast\u0119pnie u\u017cy\u0107 \u015bci\u0105gaczki do okien. Na zako\u0144czenie, powierzchni\u0119 mo\u017cna polerowa\u0107 such\u0105 \u015bciereczk\u0105 z\u00a0mikrofibry. Wyczyszczona powierzchnia jest odporna na ponowne zanieczyszczenie.<\/p>\n<table border=\"0\" cellspacing=\"0\" cellpadding=\"0\">\n<tbody>\n<tr>\n<td rowspan=\"2\">dozowanie i\u00a0rozcie\u0144czania do wiadra ml\/ 10 litrow<\/td>\n<td colspan=\"3\">Wska\u017anik zanieczyszczenia<\/td>\n<\/tr>\n<tr>\n<td>s\u0142aby<\/td>\n<td>\u015bredni<\/td>\n<td>mocny<\/td>\n<\/tr>\n<tr>\n<td>10 litrow do wiadra<\/td>\n<td>30<\/td>\n<td>60<\/td>\n<td>120<\/td>\n<\/tr>\n<tr>\n<td>pH roztworu<\/td>\n<td>7,4<\/td>\n<td>7,6<\/td>\n<td>8<\/td>\n<\/tr>\n<\/tbody>\n<\/table>\n<p>pH: koncentratu: 8<\/p>\n<p>DOST\u0118PNE OPAKOWANIA:<br \/>\n&#8211; butelka 1L<br \/>\n&#8211; kanister 10L<\/p>\n","protected":false},"excerpt":{"rendered":"<p>Przeznaczony do mycia okien, ram i\u00a0powierzchni szklanych, wype\u0142nie\u0144 drzwi, witryn, laminat\u00f3w, blat\u00f3w, luster i\u00a0wszystkich g\u0142adkich, l\u015bni\u0105cych wodoodpornych powierzchni metod\u0105 na mokro. Nowoczesny \u015brodek do mycia, na bazie alkoholu o\u00a0doskona\u0142ych w\u0142a\u015bciwo\u015bciach czyszcz\u0105cych, odt\u0142uszczaj\u0105cych i\u00a0poleruj\u0105cych, przyjemnie perfumowany. Na czyszczone powierzchnie na\u0142o\u017cy\u0107 za &hellip; <a class=\"kt-excerpt-readmore more-link\" href=\"https:\/\/cormenpolska.pl\/?product=cleamen-112-do-okien-i-ram-10-l\">Czytaj wi\u0119cej<\/a><\/p>\n","protected":false},"featured_media":1841,"comment_status":"closed","ping_status":"closed","template":"","meta":{"inline_featured_image":false},"product_brand":[],"product_cat":[138],"product_tag":[],"class_list":{"0":"post-1437","1":"product","2":"type-product","3":"status-publish","4":"has-post-thumbnail","6":"product_cat-obszar-ogolny","8":"first","9":"onbackorder","10":"taxable","11":"shipping-taxable","12":"purchasable","13":"product-type-simple"},"_links":{"self":[{"href":"https:\/\/cormenpolska.pl\/index.php?rest_route=\/wp\/v2\/product\/1437","targetHints":{"allow":["GET"]}}],"collection":[{"href":"https:\/\/cormenpolska.pl\/index.php?rest_route=\/wp\/v2\/product"}],"about":[{"href":"https:\/\/cormenpolska.pl\/index.php?rest_route=\/wp\/v2\/types\/product"}],"replies":[{"embeddable":true,"href":"https:\/\/cormenpolska.pl\/index.php?rest_route=%2Fwp%2Fv2%2Fcomments&post=1437"}],"wp:featuredmedia":[{"embeddable":true,"href":"https:\/\/cormenpolska.pl\/index.php?rest_route=\/wp\/v2\/media\/1841"}],"wp:attachment":[{"href":"https:\/\/cormenpolska.pl\/index.php?rest_route=%2Fwp%2Fv2%2Fmedia&parent=1437"}],"wp:term":[{"taxonomy":"product_brand","embeddable":true,"href":"https:\/\/cormenpolska.pl\/index.php?rest_route=%2Fwp%2Fv2%2Fproduct_brand&post=1437"},{"taxonomy":"product_cat","embeddable":true,"href":"https:\/\/cormenpolska.pl\/index.php?rest_route=%2Fwp%2Fv2%2Fproduct_cat&post=1437"},{"taxonomy":"product_tag","embeddable":true,"href":"https:\/\/cormenpolska.pl\/index.php?rest_route=%2Fwp%2Fv2%2Fproduct_tag&post=1437"}],"curies":[{"name":"wp","href":"https:\/\/api.w.org\/{rel}","templated":true}]}}