{"id":1438,"date":"2022-05-03T19:08:08","date_gmt":"2022-05-03T19:08:08","guid":{"rendered":"https:\/\/cormenpolska.pl\/?post_type=product&#038;p=1438"},"modified":"2023-02-01T16:10:55","modified_gmt":"2023-02-01T16:10:55","slug":"cleamen-120-striper-srodek-do-mocno-zabrudzonych-podlog-5-l","status":"publish","type":"product","link":"https:\/\/cormenpolska.pl\/?product=cleamen-120-striper-srodek-do-mocno-zabrudzonych-podlog-5-l","title":{"rendered":"CLEAMEN 120 &#8211; STRIPER \u015aRODEK DO MOCNO ZABRUDZONYCH POD\u0141\u00d3G 5 l"},"content":{"rendered":"<p>Nadaje si\u0119 do wyk\u0142adzin pod\u0142ogowych, kt\u00f3re s\u0105 odporne na alkalia, np. p\u0142ytki, PVC, winyl, terakoty, powierzchnie ceglane, granit itp. Najsilniejszy \u015brodek przeznaczony do podstawowego (g\u0142\u0119bokiego) czyszczenia pod\u0142\u00f3g, usuwania odpornych zabrudze\u0144, usuwania starych warstw wosk\u00f3w metalicznych i\u00a0ich naprawy. Skutecznie dzia\u0142a na trwa\u0142y brud. Po wyczyszczeniu powierzchni, nale\u017cy sp\u0142uka\u0107 powierzchni\u0119 wod\u0105, najlepiej za pomoc\u0105 akcesori\u00f3w- szczotek, pad\u00f3w, mechanicznie lub r\u0119cznie, tak, aby zabrudzenia zosta\u0142y sp\u0142ukane, a\u00a0pod\u0142oga zosta\u0142a wystarczaj\u0105co zneutralizowana do dalszej piel\u0119gnacji. Nie nadaje si\u0119 do powierzchni odpornych na dzia\u0142anie substancji niealkalicznych.<\/p>\n<table border=\"0\" cellspacing=\"0\" cellpadding=\"0\">\n<tbody>\n<tr>\n<td rowspan=\"2\">dozowanie i\u00a0rozcie\u0144czania<\/td>\n<td colspan=\"3\">Wska\u017anik zanieczyszczenia<\/td>\n<\/tr>\n<tr>\n<td>s\u0142aby<\/td>\n<td>\u015bredni<\/td>\n<td>mocny<\/td>\n<\/tr>\n<tr>\n<td>usuni\u0119cie woski ml\/1 l<\/td>\n<td>75<\/td>\n<td>150<\/td>\n<td>300<\/td>\n<\/tr>\n<tr>\n<td>biezace mycie ml\/1 l<\/td>\n<td>10<\/td>\n<td>15<\/td>\n<td>20<\/td>\n<\/tr>\n<tr>\n<td>pH roztworu<\/td>\n<td>12,5<\/td>\n<td>12,7<\/td>\n<td>13<\/td>\n<\/tr>\n<\/tbody>\n<\/table>\n<p>ph koncentratu: 13,5<\/p>\n<p>DOST\u0118PNE OPAKOWANIA:<br \/>\n&#8211;\u00a0kanister 5L<\/p>\n","protected":false},"excerpt":{"rendered":"<p>Nadaje si\u0119 do wyk\u0142adzin pod\u0142ogowych, kt\u00f3re s\u0105 odporne na alkalia, np. p\u0142ytki, PVC, winyl, terakoty, powierzchnie ceglane, granit itp. Najsilniejszy \u015brodek przeznaczony do podstawowego (g\u0142\u0119bokiego) czyszczenia pod\u0142\u00f3g, usuwania odpornych zabrudze\u0144, usuwania starych warstw wosk\u00f3w metalicznych i\u00a0ich naprawy. Skutecznie dzia\u0142a na &hellip; <a class=\"kt-excerpt-readmore more-link\" href=\"https:\/\/cormenpolska.pl\/?product=cleamen-120-striper-srodek-do-mocno-zabrudzonych-podlog-5-l\">Czytaj wi\u0119cej<\/a><\/p>\n","protected":false},"featured_media":1842,"comment_status":"closed","ping_status":"closed","template":"","meta":{"inline_featured_image":false},"product_brand":[],"product_cat":[138],"product_tag":[],"class_list":{"0":"post-1438","1":"product","2":"type-product","3":"status-publish","4":"has-post-thumbnail","6":"product_cat-obszar-ogolny","8":"first","9":"instock","10":"taxable","11":"shipping-taxable","12":"purchasable","13":"product-type-simple"},"_links":{"self":[{"href":"https:\/\/cormenpolska.pl\/index.php?rest_route=\/wp\/v2\/product\/1438","targetHints":{"allow":["GET"]}}],"collection":[{"href":"https:\/\/cormenpolska.pl\/index.php?rest_route=\/wp\/v2\/product"}],"about":[{"href":"https:\/\/cormenpolska.pl\/index.php?rest_route=\/wp\/v2\/types\/product"}],"replies":[{"embeddable":true,"href":"https:\/\/cormenpolska.pl\/index.php?rest_route=%2Fwp%2Fv2%2Fcomments&post=1438"}],"wp:featuredmedia":[{"embeddable":true,"href":"https:\/\/cormenpolska.pl\/index.php?rest_route=\/wp\/v2\/media\/1842"}],"wp:attachment":[{"href":"https:\/\/cormenpolska.pl\/index.php?rest_route=%2Fwp%2Fv2%2Fmedia&parent=1438"}],"wp:term":[{"taxonomy":"product_brand","embeddable":true,"href":"https:\/\/cormenpolska.pl\/index.php?rest_route=%2Fwp%2Fv2%2Fproduct_brand&post=1438"},{"taxonomy":"product_cat","embeddable":true,"href":"https:\/\/cormenpolska.pl\/index.php?rest_route=%2Fwp%2Fv2%2Fproduct_cat&post=1438"},{"taxonomy":"product_tag","embeddable":true,"href":"https:\/\/cormenpolska.pl\/index.php?rest_route=%2Fwp%2Fv2%2Fproduct_tag&post=1438"}],"curies":[{"name":"wp","href":"https:\/\/api.w.org\/{rel}","templated":true}]}}