{"id":1439,"date":"2022-05-03T19:08:08","date_gmt":"2022-05-03T19:08:08","guid":{"rendered":"https:\/\/cormenpolska.pl\/?post_type=product&#038;p=1439"},"modified":"2023-02-01T16:10:37","modified_gmt":"2023-02-01T16:10:37","slug":"cleamen-121-polymer-metaliczny-5-l","status":"publish","type":"product","link":"https:\/\/cormenpolska.pl\/?product=cleamen-121-polymer-metaliczny-5-l","title":{"rendered":"CLEAMEN 121 POLIMER METALICZNY \/ WOSK 5 l"},"content":{"rendered":"<p>Przeznaczony do naturalnego linoleum &#8211;\u00a0marmoleum i\u00a0innych pokry\u0107 z\u00a0winylu.. Nadaje si\u0119 r\u00f3wnie\u017c do marmuru, PVC, gumy PCV, terakoty. Produkt tworzy b\u0142yszcz\u0105c\u0105 warstw\u0119 ochronn\u0105, kt\u00f3ra nadaje po\u0142ysk i\u00a0przez d\u0142ugi czas zapobiega ponownemu zanieczyszczeniu powierzchni oraz u\u0142atwia<br \/>\np\u00f3\u017aniejsz\u0105 konserwacj\u0119. Jest odpowiedni do stosowania w\u00a0obszarach o\u00a0du\u017cym nat\u0119\u017ceniu, szczeg\u00f3lnie w\u00a0budynkach publicznych, szko\u0142ach. Pod\u0142oga,<br \/>\nkt\u00f3ra by\u0142a piel\u0119gnowana w\u00a0taki spos\u00f3b, ma d\u0142ugotrwale, atrakcyjny wygl\u0105d, mniej si\u0119 brudzi i\u00a0jest \u0142atwa do utrzymania w\u00a0czysto\u015bci przy u\u017cyciu neutralnych detergent\u00f3w. \u015arodek nale\u017cy nanosi\u0107 p\u0142askim mopem w\u00a01-3 warstwach. Nie nadaje si\u0119 do p\u0142ytek ceramicznych, posadzek odlewanych, granitu, piaskowca.<\/p>\n<table border=\"0\" cellspacing=\"0\" cellpadding=\"0\">\n<tbody>\n<tr>\n<td rowspan=\"2\">Zu\u017cycie w\u00a0litrach\/100 m2<\/td>\n<td colspan=\"3\">liczba warstw<\/td>\n<\/tr>\n<tr>\n<td>s\u0142aby<\/td>\n<td>\u015bredni<\/td>\n<td>mocny<\/td>\n<\/tr>\n<tr>\n<td>zu\u017cycie l\/100 m2<\/td>\n<td>3<\/td>\n<td>5<\/td>\n<td>7<\/td>\n<\/tr>\n<\/tbody>\n<\/table>\n<p>pH koncentratu: 8<\/p>\n<p>DOST\u0118PNE OPAKOWANIA:<br \/>\n&#8211;\u00a0kanister 5L<\/p>\n","protected":false},"excerpt":{"rendered":"<p>Przeznaczony do naturalnego linoleum &#8211;\u00a0marmoleum i\u00a0innych pokry\u0107 z\u00a0winylu.. Nadaje si\u0119 r\u00f3wnie\u017c do marmuru, PVC, gumy PCV, terakoty. Produkt tworzy b\u0142yszcz\u0105c\u0105 warstw\u0119 ochronn\u0105, kt\u00f3ra nadaje po\u0142ysk i\u00a0przez d\u0142ugi czas zapobiega ponownemu zanieczyszczeniu powierzchni oraz u\u0142atwia p\u00f3\u017aniejsz\u0105 konserwacj\u0119. Jest odpowiedni do stosowania &hellip; <a class=\"kt-excerpt-readmore more-link\" href=\"https:\/\/cormenpolska.pl\/?product=cleamen-121-polymer-metaliczny-5-l\">Czytaj wi\u0119cej<\/a><\/p>\n","protected":false},"featured_media":1843,"comment_status":"closed","ping_status":"closed","template":"","meta":{"inline_featured_image":false},"product_brand":[],"product_cat":[138],"product_tag":[],"class_list":{"0":"post-1439","1":"product","2":"type-product","3":"status-publish","4":"has-post-thumbnail","6":"product_cat-obszar-ogolny","8":"first","9":"instock","10":"taxable","11":"shipping-taxable","12":"purchasable","13":"product-type-simple"},"_links":{"self":[{"href":"https:\/\/cormenpolska.pl\/index.php?rest_route=\/wp\/v2\/product\/1439","targetHints":{"allow":["GET"]}}],"collection":[{"href":"https:\/\/cormenpolska.pl\/index.php?rest_route=\/wp\/v2\/product"}],"about":[{"href":"https:\/\/cormenpolska.pl\/index.php?rest_route=\/wp\/v2\/types\/product"}],"replies":[{"embeddable":true,"href":"https:\/\/cormenpolska.pl\/index.php?rest_route=%2Fwp%2Fv2%2Fcomments&post=1439"}],"wp:featuredmedia":[{"embeddable":true,"href":"https:\/\/cormenpolska.pl\/index.php?rest_route=\/wp\/v2\/media\/1843"}],"wp:attachment":[{"href":"https:\/\/cormenpolska.pl\/index.php?rest_route=%2Fwp%2Fv2%2Fmedia&parent=1439"}],"wp:term":[{"taxonomy":"product_brand","embeddable":true,"href":"https:\/\/cormenpolska.pl\/index.php?rest_route=%2Fwp%2Fv2%2Fproduct_brand&post=1439"},{"taxonomy":"product_cat","embeddable":true,"href":"https:\/\/cormenpolska.pl\/index.php?rest_route=%2Fwp%2Fv2%2Fproduct_cat&post=1439"},{"taxonomy":"product_tag","embeddable":true,"href":"https:\/\/cormenpolska.pl\/index.php?rest_route=%2Fwp%2Fv2%2Fproduct_tag&post=1439"}],"curies":[{"name":"wp","href":"https:\/\/api.w.org\/{rel}","templated":true}]}}