{"id":1456,"date":"2022-05-03T19:08:09","date_gmt":"2022-05-03T19:08:09","guid":{"rendered":"https:\/\/cormenpolska.pl\/?post_type=product&#038;p=1456"},"modified":"2023-02-01T16:07:13","modified_gmt":"2023-02-01T16:07:13","slug":"cleamen-143-do-czyszczenia-plam-po-gumie-1-l","status":"publish","type":"product","link":"https:\/\/cormenpolska.pl\/?product=cleamen-143-do-czyszczenia-plam-po-gumie-1-l","title":{"rendered":"CLEAMEN 143 do czyszczenia plam po gumie 1 l"},"content":{"rendered":"<p>Przeznaczony do usuwania smug po gumie, z winylu, linoleum &#8211; bez polimer\u00f3w, wyk\u0142adzin pod\u0142ogowych, p\u0142ytek, nawierzchni i innych materia\u0142\u00f3w niech\u0142onnych. Nierozcie\u0144czony preparat w p\u0142ynie nale\u017cy nak\u0142ada\u0107 wilgotn\u0105 \u015bciereczk\u0105. Przed u\u017cyciem, nale\u017cy najpierw umy\u0107 powierzchni\u0119 w zwyk\u0142y spos\u00f3b. Przed u\u017cyciem, zalecamy wykonanie testu w najmniej widocznym miejscu. Test i usuwanie smug, nale\u017cy wykonywa\u0107 wy\u0142\u0105cznie r\u0119cznie i w r\u0119kawicach. Produkt zawiera rozpuszczalniki, dlatego nale\u017cy zapewni\u0107 odpowiedni\u0105 wentylacj\u0119 podczas pracy. Nie wolno pracowa\u0107 z produktem w przestrzeni, z otwartym ogniem! \u015arodek wy\u017cera, niekt\u00f3re tworzywa sztuczne! Nie nadaje si\u0119 do tworzyw sztucznych, woskowanych pod\u0142\u00f3g i powierzchni odpornych na rozpuszczalniki. Nie wylewa\u0107 \u015brodka bezpo\u015brednio na powierzchni\u0119 &#8211; mo\u017ce to spowodowa\u0107 nadmierny skutek lub uszkodzenie powierzchni! Produkt do pod\u0142\u00f3g, nie odkurza\u0107, wytrze\u0107.<\/p>\n<p>DOST\u0118PNE OPAKOWANIA:<br \/>\n&#8211; butelka 1L<\/p>\n","protected":false},"excerpt":{"rendered":"<p>Przeznaczony do usuwania smug po gumie, z winylu, linoleum &#8211; bez polimer\u00f3w, wyk\u0142adzin pod\u0142ogowych, p\u0142ytek, nawierzchni i innych materia\u0142\u00f3w niech\u0142onnych. Nierozcie\u0144czony preparat w p\u0142ynie nale\u017cy nak\u0142ada\u0107 wilgotn\u0105 \u015bciereczk\u0105. Przed u\u017cyciem, nale\u017cy najpierw umy\u0107 powierzchni\u0119 w zwyk\u0142y spos\u00f3b. Przed u\u017cyciem, zalecamy &hellip; <a class=\"kt-excerpt-readmore more-link\" href=\"https:\/\/cormenpolska.pl\/?product=cleamen-143-do-czyszczenia-plam-po-gumie-1-l\">Czytaj wi\u0119cej<\/a><\/p>\n","protected":false},"featured_media":1853,"comment_status":"closed","ping_status":"closed","template":"","meta":{"inline_featured_image":false},"product_brand":[],"product_cat":[138],"product_tag":[],"class_list":{"0":"post-1456","1":"product","2":"type-product","3":"status-publish","4":"has-post-thumbnail","6":"product_cat-obszar-ogolny","8":"first","9":"instock","10":"taxable","11":"shipping-taxable","12":"purchasable","13":"product-type-simple"},"_links":{"self":[{"href":"https:\/\/cormenpolska.pl\/index.php?rest_route=\/wp\/v2\/product\/1456","targetHints":{"allow":["GET"]}}],"collection":[{"href":"https:\/\/cormenpolska.pl\/index.php?rest_route=\/wp\/v2\/product"}],"about":[{"href":"https:\/\/cormenpolska.pl\/index.php?rest_route=\/wp\/v2\/types\/product"}],"replies":[{"embeddable":true,"href":"https:\/\/cormenpolska.pl\/index.php?rest_route=%2Fwp%2Fv2%2Fcomments&post=1456"}],"wp:featuredmedia":[{"embeddable":true,"href":"https:\/\/cormenpolska.pl\/index.php?rest_route=\/wp\/v2\/media\/1853"}],"wp:attachment":[{"href":"https:\/\/cormenpolska.pl\/index.php?rest_route=%2Fwp%2Fv2%2Fmedia&parent=1456"}],"wp:term":[{"taxonomy":"product_brand","embeddable":true,"href":"https:\/\/cormenpolska.pl\/index.php?rest_route=%2Fwp%2Fv2%2Fproduct_brand&post=1456"},{"taxonomy":"product_cat","embeddable":true,"href":"https:\/\/cormenpolska.pl\/index.php?rest_route=%2Fwp%2Fv2%2Fproduct_cat&post=1456"},{"taxonomy":"product_tag","embeddable":true,"href":"https:\/\/cormenpolska.pl\/index.php?rest_route=%2Fwp%2Fv2%2Fproduct_tag&post=1456"}],"curies":[{"name":"wp","href":"https:\/\/api.w.org\/{rel}","templated":true}]}}