{"id":1465,"date":"2022-05-03T19:08:10","date_gmt":"2022-05-03T19:08:10","guid":{"rendered":"https:\/\/cormenpolska.pl\/?post_type=product&#038;p=1465"},"modified":"2023-10-05T14:16:29","modified_gmt":"2023-10-05T14:16:29","slug":"cleamen-146-czyszczacy-i-polerujacy-eco-1-l","status":"publish","type":"product","link":"https:\/\/cormenpolska.pl\/?product=cleamen-146-czyszczacy-i-polerujacy-eco-1-l","title":{"rendered":"CLEAMEN 146 czyszcz\u0105cy i poleruj\u0105cy ECO 1 l"},"content":{"rendered":"<p>Nadaje si\u0119 do obiekt\u00f3w z indywidualn\u0105 biologiczn\u0105 oczyszczalni\u0105 \u015bciek\u00f3w. Zawiera bardzo drobne i neutralne \u015brodki powierzchniowo czynne, kt\u00f3re skutecznie usuwaj\u0105 nawet odporny brud. Jest przeznaczony zw\u0142aszcza do powierzchni wra\u017cliwych na uszkodzenia i zmatowienie takich jak: marmury, granity, kamienie naturalne i sztuczne, posadzki z wysokim po\u0142yskiem, itp.. Nadaje si\u0119 r\u00f3wnie\u017c do tworzyw sztucznych, pod\u0142\u00f3g laminowanych, polerowanej stali nierdzewnej i innych metali. \u015arodek jest przeznaczony do mycia r\u0119cznego przy pomocy mopa lub \u015bciereczki z mikrofibry do uzyskania efektu pe\u0142nego po\u0142ysku. Ze wzgl\u0119du na pienisto\u015b\u0107 nie nadaje si\u0119 do mycia maszynowego.<\/p>\n<p>Pojemno\u015b\u0107:<br \/>\n&#8211; 1L<\/p>\n","protected":false},"excerpt":{"rendered":"<p>Nadaje si\u0119 do obiekt\u00f3w z indywidualn\u0105 biologiczn\u0105 oczyszczalni\u0105 \u015bciek\u00f3w. Zawiera bardzo drobne i neutralne \u015brodki powierzchniowo czynne, kt\u00f3re skutecznie usuwaj\u0105 nawet odporny brud. Jest przeznaczony zw\u0142aszcza do powierzchni wra\u017cliwych na uszkodzenia i zmatowienie takich jak: marmury, granity, kamienie naturalne i &hellip; <a class=\"kt-excerpt-readmore more-link\" href=\"https:\/\/cormenpolska.pl\/?product=cleamen-146-czyszczacy-i-polerujacy-eco-1-l\">Czytaj wi\u0119cej<\/a><\/p>\n","protected":false},"featured_media":1858,"comment_status":"closed","ping_status":"closed","template":"","meta":{"inline_featured_image":false},"product_brand":[],"product_cat":[138,142],"product_tag":[],"class_list":{"0":"post-1465","1":"product","2":"type-product","3":"status-publish","4":"has-post-thumbnail","6":"product_cat-obszar-ogolny","7":"product_cat-srodki-ekologiczne","9":"first","10":"instock","11":"taxable","12":"shipping-taxable","13":"purchasable","14":"product-type-simple"},"_links":{"self":[{"href":"https:\/\/cormenpolska.pl\/index.php?rest_route=\/wp\/v2\/product\/1465","targetHints":{"allow":["GET"]}}],"collection":[{"href":"https:\/\/cormenpolska.pl\/index.php?rest_route=\/wp\/v2\/product"}],"about":[{"href":"https:\/\/cormenpolska.pl\/index.php?rest_route=\/wp\/v2\/types\/product"}],"replies":[{"embeddable":true,"href":"https:\/\/cormenpolska.pl\/index.php?rest_route=%2Fwp%2Fv2%2Fcomments&post=1465"}],"wp:featuredmedia":[{"embeddable":true,"href":"https:\/\/cormenpolska.pl\/index.php?rest_route=\/wp\/v2\/media\/1858"}],"wp:attachment":[{"href":"https:\/\/cormenpolska.pl\/index.php?rest_route=%2Fwp%2Fv2%2Fmedia&parent=1465"}],"wp:term":[{"taxonomy":"product_brand","embeddable":true,"href":"https:\/\/cormenpolska.pl\/index.php?rest_route=%2Fwp%2Fv2%2Fproduct_brand&post=1465"},{"taxonomy":"product_cat","embeddable":true,"href":"https:\/\/cormenpolska.pl\/index.php?rest_route=%2Fwp%2Fv2%2Fproduct_cat&post=1465"},{"taxonomy":"product_tag","embeddable":true,"href":"https:\/\/cormenpolska.pl\/index.php?rest_route=%2Fwp%2Fv2%2Fproduct_tag&post=1465"}],"curies":[{"name":"wp","href":"https:\/\/api.w.org\/{rel}","templated":true}]}}