{"id":1474,"date":"2022-05-03T19:08:11","date_gmt":"2022-05-03T19:08:11","guid":{"rendered":"https:\/\/cormenpolska.pl\/?post_type=product&#038;p=1474"},"modified":"2023-02-01T16:28:41","modified_gmt":"2023-02-01T16:28:41","slug":"cleamen-220-do-polerowania-stali-nierdzewnej-550-ml","status":"publish","type":"product","link":"https:\/\/cormenpolska.pl\/?product=cleamen-220-do-polerowania-stali-nierdzewnej-550-ml","title":{"rendered":"CLEAMEN 220 do polerowania stali nierdzewnej 550 ml"},"content":{"rendered":"<p>Przeznaczony do nab\u0142yszczania i ochrony g\u0142adkich powierzchni ze stali nierdzewnej. \u015arodek jest przeznaczony do uzyskiwania b\u0142yszcz\u0105cego wygl\u0105du na powierzchniach ze stali nierdzewnej. Powierzchnie polerowane musz\u0105 by\u0107 uprzednio pozbawione brudu i t\u0142uszczu. Nierozcie\u0144czony \u015brodek w aerozolu pryska\u0107 w bardzo ma\u0142ej ilo\u015bci na \u015bciereczk\u0119 do czyszczenia lub bezpo\u015brednio na czyszczone powierzchnie. Dobrze wetrze\u0107 w powierzchni\u0119 i wypolerowa\u0107 such\u0105 \u015bciereczk\u0105.<\/p>\n<p>DOST\u0118PNE OPAKOWANIA:<br \/>\n&#8211; butelka ze spryskiwaczem 1L<\/p>\n","protected":false},"excerpt":{"rendered":"<p>Przeznaczony do nab\u0142yszczania i ochrony g\u0142adkich powierzchni ze stali nierdzewnej. \u015arodek jest przeznaczony do uzyskiwania b\u0142yszcz\u0105cego wygl\u0105du na powierzchniach ze stali nierdzewnej. Powierzchnie polerowane musz\u0105 by\u0107 uprzednio pozbawione brudu i t\u0142uszczu. Nierozcie\u0144czony \u015brodek w aerozolu pryska\u0107 w bardzo ma\u0142ej ilo\u015bci &hellip; <a class=\"kt-excerpt-readmore more-link\" href=\"https:\/\/cormenpolska.pl\/?product=cleamen-220-do-polerowania-stali-nierdzewnej-550-ml\">Czytaj wi\u0119cej<\/a><\/p>\n","protected":false},"featured_media":2631,"comment_status":"closed","ping_status":"closed","template":"","meta":{"inline_featured_image":false},"product_brand":[],"product_cat":[139,166],"product_tag":[],"class_list":{"0":"post-1474","1":"product","2":"type-product","3":"status-publish","4":"has-post-thumbnail","6":"product_cat-obszar-kuchni","7":"product_cat-profesjonalne-produkty-do-gastronomii","9":"first","10":"instock","11":"taxable","12":"shipping-taxable","13":"purchasable","14":"product-type-simple"},"_links":{"self":[{"href":"https:\/\/cormenpolska.pl\/index.php?rest_route=\/wp\/v2\/product\/1474","targetHints":{"allow":["GET"]}}],"collection":[{"href":"https:\/\/cormenpolska.pl\/index.php?rest_route=\/wp\/v2\/product"}],"about":[{"href":"https:\/\/cormenpolska.pl\/index.php?rest_route=\/wp\/v2\/types\/product"}],"replies":[{"embeddable":true,"href":"https:\/\/cormenpolska.pl\/index.php?rest_route=%2Fwp%2Fv2%2Fcomments&post=1474"}],"wp:featuredmedia":[{"embeddable":true,"href":"https:\/\/cormenpolska.pl\/index.php?rest_route=\/wp\/v2\/media\/2631"}],"wp:attachment":[{"href":"https:\/\/cormenpolska.pl\/index.php?rest_route=%2Fwp%2Fv2%2Fmedia&parent=1474"}],"wp:term":[{"taxonomy":"product_brand","embeddable":true,"href":"https:\/\/cormenpolska.pl\/index.php?rest_route=%2Fwp%2Fv2%2Fproduct_brand&post=1474"},{"taxonomy":"product_cat","embeddable":true,"href":"https:\/\/cormenpolska.pl\/index.php?rest_route=%2Fwp%2Fv2%2Fproduct_cat&post=1474"},{"taxonomy":"product_tag","embeddable":true,"href":"https:\/\/cormenpolska.pl\/index.php?rest_route=%2Fwp%2Fv2%2Fproduct_tag&post=1474"}],"curies":[{"name":"wp","href":"https:\/\/api.w.org\/{rel}","templated":true}]}}