{"id":1537,"date":"2022-05-03T19:08:17","date_gmt":"2022-05-03T19:08:17","guid":{"rendered":"https:\/\/cormenpolska.pl\/?post_type=product&#038;p=1537"},"modified":"2024-01-17T13:57:28","modified_gmt":"2024-01-17T13:57:28","slug":"cleamen-442-do-podlog-kwasny-1-l","status":"publish","type":"product","link":"https:\/\/cormenpolska.pl\/?product=cleamen-442-do-podlog-kwasny-1-l","title":{"rendered":"CLEAMEN 442 do pod\u0142\u00f3g kwa\u015bny 1 l"},"content":{"rendered":"<p>\u015arodek do czyszczenia po wykonanych pracach budowlanych oraz czyszczenia okresowego. Przeznaczony do wszystkich rodzaj\u00f3w p\u0142ytek klinkierowych, pod\u0142\u00f3g winylowych i\u00a0malowanych oraz wszystkich pod\u0142\u00f3g odpornych na kwasy. Najsilniejszy kwa\u015bny \u015brodek czyszcz\u0105cy do mycia r\u0119cznego<br \/>\ni\u00a0maszynowego. Ma szerokie zastosowanie i\u00a0jest przeznaczony do czyszczenia po budowie &#8211;\u00a0usuwania \u015blad\u00f3w cementowych i\u00a0do g\u0142\u0119bokiego lub okresowego czyszczenia &#8211;\u00a0usuwania osad\u00f3w mineralnych. W\u00a0u\u017cyciu r\u00f3\u017cni si\u0119 jedynie st\u0119\u017ceniem i\u00a0liczb\u0105 p\u0142uka\u0144 po naniesieniu. Przy dawkowaniu do 30 ml \/\u00a010 l\u00a0nie jest konieczne op\u0142ukanie. \u015arodek jest silnie skoncentrowany i\u00a0niepieni\u0105cy. Usuwa osady mineralne, kamie\u0144, cement i\u00a0\u015blady rdzy oraz o\u017cywia i\u00a0czy\u015bci fugi cementowe, ale przy cz\u0119stym czyszczeniu w\u00a0wysokim st\u0119\u017ceniu je wymywa. Przy regularnym stosowaniu 1x w\u00a0miesi\u0105cu o\u017cywia kolory i\u00a0rozja\u015bnia wygl\u0105d klinkierowych p\u0142ytek. Poradzi sobie zar\u00f3wno z\u00a0powierzchni\u0105 antypo\u015blizgow\u0105, jak r\u00f3wnie\u017c powierzchni\u0105 szlifowan\u0105 i\u00a0matow\u0105.<br \/>\nJest odpowiedni jako ostatni krok w\u00a0czyszczeniu przed na\u0142o\u017ceniem impregnatu. Nie nadaje si\u0119 do marmur\u00f3w, wapieni, powierzchni woskowanych i\u00a0powierzchni nieodpornych na kwasy.<\/p>\n<table border=\"0\" cellspacing=\"0\" cellpadding=\"0\">\n<tbody>\n<tr>\n<td rowspan=\"3\">dozowanie<\/td>\n<td colspan=\"3\" rowspan=\"2\">dozowanie w\u00a0ml wg stopnia<br \/>\nzanieczyszczenia powierzchni<\/td>\n<\/tr>\n<tr>\n<td>s\u0142aby<\/td>\n<td>\u015bredni<\/td>\n<td>mocny<\/td>\n<\/tr>\n<tr>\n<td>10 litr\u00f3w<\/td>\n<td>50<\/td>\n<td>100<\/td>\n<td>200<\/td>\n<\/tr>\n<tr>\n<td>pH roztworu<\/td>\n<td>2,2<\/td>\n<td>1,9<\/td>\n<td>1,7<\/td>\n<\/tr>\n<\/tbody>\n<\/table>\n<p>pH koncentratu: 1<\/p>\n<p>DOST\u0118PNE OPAKOWANIA:<br \/>\n&#8211;\u00a0butelka 1L<br \/>\n&#8211;\u00a0kanister 5L<\/p>\n","protected":false},"excerpt":{"rendered":"<p>\u015arodek do czyszczenia po wykonanych pracach budowlanych oraz czyszczenia okresowego. Przeznaczony do wszystkich rodzaj\u00f3w p\u0142ytek klinkierowych, pod\u0142\u00f3g winylowych i\u00a0malowanych oraz wszystkich pod\u0142\u00f3g odpornych na kwasy. Najsilniejszy kwa\u015bny \u015brodek czyszcz\u0105cy do mycia r\u0119cznego i\u00a0maszynowego. Ma szerokie zastosowanie i\u00a0jest przeznaczony do czyszczenia &hellip; <a class=\"kt-excerpt-readmore more-link\" href=\"https:\/\/cormenpolska.pl\/?product=cleamen-442-do-podlog-kwasny-1-l\">Czytaj wi\u0119cej<\/a><\/p>\n","protected":false},"featured_media":1898,"comment_status":"closed","ping_status":"closed","template":"","meta":{"inline_featured_image":false},"product_brand":[],"product_cat":[141,138,140],"product_tag":[],"class_list":{"0":"post-1537","1":"product","2":"type-product","3":"status-publish","4":"has-post-thumbnail","6":"product_cat-obszar-lazienek","7":"product_cat-obszar-ogolny","8":"product_cat-obszar-sanitarny","10":"first","11":"instock","12":"taxable","13":"shipping-taxable","14":"purchasable","15":"product-type-simple"},"_links":{"self":[{"href":"https:\/\/cormenpolska.pl\/index.php?rest_route=\/wp\/v2\/product\/1537","targetHints":{"allow":["GET"]}}],"collection":[{"href":"https:\/\/cormenpolska.pl\/index.php?rest_route=\/wp\/v2\/product"}],"about":[{"href":"https:\/\/cormenpolska.pl\/index.php?rest_route=\/wp\/v2\/types\/product"}],"replies":[{"embeddable":true,"href":"https:\/\/cormenpolska.pl\/index.php?rest_route=%2Fwp%2Fv2%2Fcomments&post=1537"}],"wp:featuredmedia":[{"embeddable":true,"href":"https:\/\/cormenpolska.pl\/index.php?rest_route=\/wp\/v2\/media\/1898"}],"wp:attachment":[{"href":"https:\/\/cormenpolska.pl\/index.php?rest_route=%2Fwp%2Fv2%2Fmedia&parent=1537"}],"wp:term":[{"taxonomy":"product_brand","embeddable":true,"href":"https:\/\/cormenpolska.pl\/index.php?rest_route=%2Fwp%2Fv2%2Fproduct_brand&post=1537"},{"taxonomy":"product_cat","embeddable":true,"href":"https:\/\/cormenpolska.pl\/index.php?rest_route=%2Fwp%2Fv2%2Fproduct_cat&post=1537"},{"taxonomy":"product_tag","embeddable":true,"href":"https:\/\/cormenpolska.pl\/index.php?rest_route=%2Fwp%2Fv2%2Fproduct_tag&post=1537"}],"curies":[{"name":"wp","href":"https:\/\/api.w.org\/{rel}","templated":true}]}}