{"id":1626,"date":"2022-05-03T19:08:27","date_gmt":"2022-05-03T19:08:27","guid":{"rendered":"https:\/\/cormenpolska.pl\/?post_type=product&#038;p=1626"},"modified":"2022-09-06T13:01:28","modified_gmt":"2022-09-06T13:01:28","slug":"wozek-czyszczacy-cleamen-2-x-17-l","status":"publish","type":"product","link":"https:\/\/cormenpolska.pl\/?product=wozek-czyszczacy-cleamen-2-x-17-l","title":{"rendered":"Mop kieszeniowy mikrofaza standard 40 cm"},"content":{"rendered":"<p>Mop kieszeniowy z mikrofazy o wymiarze 40 cm. Z jego pomoc\u0105 mo\u017cna skutecznie umy\u0107 konkretn\u0105 powierzchni\u0119 bez potrzeby stosowania \u015brodk\u00f3w chemicznych. Polecany jest do mycia powierzchni kamiennych, laminat\u00f3w, glazury. Wykazuje wysok\u0105 ch\u0142onno\u015b\u0107, nie powoduje powstawania smug na mytych powierzchniach, dobrze zbiera zabrudzenia. Nadaje si\u0119 do wielokrotnego u\u017cytku, mo\u017ce by\u0107 prany.<\/p>\n","protected":false},"excerpt":{"rendered":"<p>Mop kieszeniowy z mikrofazy o wymiarze 40 cm. Z jego pomoc\u0105 mo\u017cna skutecznie umy\u0107 konkretn\u0105 powierzchni\u0119 bez potrzeby stosowania \u015brodk\u00f3w chemicznych. Polecany jest do mycia powierzchni kamiennych, laminat\u00f3w, glazury. Wykazuje wysok\u0105 ch\u0142onno\u015b\u0107, nie powoduje powstawania smug na mytych powierzchniach, dobrze &hellip; <a class=\"kt-excerpt-readmore more-link\" href=\"https:\/\/cormenpolska.pl\/?product=wozek-czyszczacy-cleamen-2-x-17-l\">Czytaj wi\u0119cej<\/a><\/p>\n","protected":false},"featured_media":2736,"comment_status":"closed","ping_status":"closed","template":"","meta":{"inline_featured_image":false},"product_brand":[],"product_cat":[158],"product_tag":[],"class_list":{"0":"post-1626","1":"product","2":"type-product","3":"status-publish","4":"has-post-thumbnail","6":"product_cat-mopy-wklady","8":"first","9":"instock","10":"taxable","11":"shipping-taxable","12":"purchasable","13":"product-type-simple"},"_links":{"self":[{"href":"https:\/\/cormenpolska.pl\/index.php?rest_route=\/wp\/v2\/product\/1626","targetHints":{"allow":["GET"]}}],"collection":[{"href":"https:\/\/cormenpolska.pl\/index.php?rest_route=\/wp\/v2\/product"}],"about":[{"href":"https:\/\/cormenpolska.pl\/index.php?rest_route=\/wp\/v2\/types\/product"}],"replies":[{"embeddable":true,"href":"https:\/\/cormenpolska.pl\/index.php?rest_route=%2Fwp%2Fv2%2Fcomments&post=1626"}],"wp:featuredmedia":[{"embeddable":true,"href":"https:\/\/cormenpolska.pl\/index.php?rest_route=\/wp\/v2\/media\/2736"}],"wp:attachment":[{"href":"https:\/\/cormenpolska.pl\/index.php?rest_route=%2Fwp%2Fv2%2Fmedia&parent=1626"}],"wp:term":[{"taxonomy":"product_brand","embeddable":true,"href":"https:\/\/cormenpolska.pl\/index.php?rest_route=%2Fwp%2Fv2%2Fproduct_brand&post=1626"},{"taxonomy":"product_cat","embeddable":true,"href":"https:\/\/cormenpolska.pl\/index.php?rest_route=%2Fwp%2Fv2%2Fproduct_cat&post=1626"},{"taxonomy":"product_tag","embeddable":true,"href":"https:\/\/cormenpolska.pl\/index.php?rest_route=%2Fwp%2Fv2%2Fproduct_tag&post=1626"}],"curies":[{"name":"wp","href":"https:\/\/api.w.org\/{rel}","templated":true}]}}