{"id":2181,"date":"2022-05-27T09:02:21","date_gmt":"2022-05-27T09:02:21","guid":{"rendered":"https:\/\/cormenpolska.pl\/?post_type=product&#038;p=2181"},"modified":"2024-01-17T13:35:12","modified_gmt":"2024-01-17T13:35:12","slug":"gastro-professional-neutralne-maszynowe-plukanie-naczyn","status":"publish","type":"product","link":"https:\/\/cormenpolska.pl\/?product=gastro-professional-neutralne-maszynowe-plukanie-naczyn","title":{"rendered":"GASTRO PROFESSIONAL MASZYNOWE P\u0141UKANIE NACZY\u0143 5 kg"},"content":{"rendered":"<p>Produkt przeznaczony do mycia naczy\u0144 i szk\u0142a w profesjonalnych zmywarkach, w tym naczy\u0144 wykonanych z metali kolorowych i aluminium. P\u0142ynny, wysoko skoncentrowany \u015brodek do p\u0142ukania i nab\u0142yszczania naczy\u0144 i szk\u0142a w profesjonalnych zmywarkach z automatycznym dawkowaniem. Zapobiega powstawaniu \u015blad\u00f3w po osadach mineralnych, usuwa resztki zanieczyszcze\u0144 z mytych naczy\u0144 i zapewnia b\u0142yszcz\u0105cy wygl\u0105d. Jest odpowiedni jako druga faza po umyciu naczy\u0144 \u015brodkiem Gastro professjonal maszynowe mycie naczy\u0144 Plus, kt\u00f3ry zawiera aktywny chlor. Do p\u0142ukania maszynowego z automatycznym dozowaniem ustawi\u0107 dozowanie zgodnie z pomiarem twardo\u015bci wody w zakresie pracy 0,2 \u2013 1 g\/l wody.<\/p>\n<p>Pojemno\u015b\u0107:<br \/>\n&#8211; 10kg<br \/>\n&#8211; 20kg<br \/>\n&#8211; 200kg<\/p>\n","protected":false},"excerpt":{"rendered":"<p>Produkt przeznaczony do mycia naczy\u0144 i szk\u0142a w profesjonalnych zmywarkach, w tym naczy\u0144 wykonanych z metali kolorowych i aluminium. P\u0142ynny, wysoko skoncentrowany \u015brodek do p\u0142ukania i nab\u0142yszczania naczy\u0144 i szk\u0142a w profesjonalnych zmywarkach z automatycznym dawkowaniem. Zapobiega powstawaniu \u015blad\u00f3w po &hellip; <a class=\"kt-excerpt-readmore more-link\" href=\"https:\/\/cormenpolska.pl\/?product=gastro-professional-neutralne-maszynowe-plukanie-naczyn\">Czytaj wi\u0119cej<\/a><\/p>\n","protected":false},"featured_media":2182,"comment_status":"closed","ping_status":"closed","template":"","meta":{"inline_featured_image":false},"product_brand":[],"product_cat":[166],"product_tag":[],"class_list":{"0":"post-2181","1":"product","2":"type-product","3":"status-publish","4":"has-post-thumbnail","6":"product_cat-profesjonalne-produkty-do-gastronomii","8":"first","9":"onbackorder","10":"taxable","11":"shipping-taxable","12":"purchasable","13":"product-type-simple"},"_links":{"self":[{"href":"https:\/\/cormenpolska.pl\/index.php?rest_route=\/wp\/v2\/product\/2181","targetHints":{"allow":["GET"]}}],"collection":[{"href":"https:\/\/cormenpolska.pl\/index.php?rest_route=\/wp\/v2\/product"}],"about":[{"href":"https:\/\/cormenpolska.pl\/index.php?rest_route=\/wp\/v2\/types\/product"}],"replies":[{"embeddable":true,"href":"https:\/\/cormenpolska.pl\/index.php?rest_route=%2Fwp%2Fv2%2Fcomments&post=2181"}],"wp:featuredmedia":[{"embeddable":true,"href":"https:\/\/cormenpolska.pl\/index.php?rest_route=\/wp\/v2\/media\/2182"}],"wp:attachment":[{"href":"https:\/\/cormenpolska.pl\/index.php?rest_route=%2Fwp%2Fv2%2Fmedia&parent=2181"}],"wp:term":[{"taxonomy":"product_brand","embeddable":true,"href":"https:\/\/cormenpolska.pl\/index.php?rest_route=%2Fwp%2Fv2%2Fproduct_brand&post=2181"},{"taxonomy":"product_cat","embeddable":true,"href":"https:\/\/cormenpolska.pl\/index.php?rest_route=%2Fwp%2Fv2%2Fproduct_cat&post=2181"},{"taxonomy":"product_tag","embeddable":true,"href":"https:\/\/cormenpolska.pl\/index.php?rest_route=%2Fwp%2Fv2%2Fproduct_tag&post=2181"}],"curies":[{"name":"wp","href":"https:\/\/api.w.org\/{rel}","templated":true}]}}