{"id":2364,"date":"2022-05-30T09:41:22","date_gmt":"2022-05-30T09:41:22","guid":{"rendered":"https:\/\/cormenpolska.pl\/?post_type=product&#038;p=2364"},"modified":"2022-09-06T10:43:21","modified_gmt":"2022-09-06T10:43:21","slug":"zestaw-do-mycia-smarteo","status":"publish","type":"product","link":"https:\/\/cormenpolska.pl\/?product=zestaw-do-mycia-smarteo","title":{"rendered":"Zestaw do mycia SMARTEO"},"content":{"rendered":"<p>Zestaw do mycia wszystkich rodzaj\u00f3w pod\u0142\u00f3g. Dwufunkcyjna wir\u00f3wka, umo\u017cliwiaj\u0105ca p\u0142ukanie i wirowanie bez brudzenia r\u0105k.<br \/>\nZestaw zawiera: wiadro z wir\u00f3wk\u0105, mop i kij.<\/p>\n","protected":false},"excerpt":{"rendered":"<p>Zestaw do mycia wszystkich rodzaj\u00f3w pod\u0142\u00f3g. Dwufunkcyjna wir\u00f3wka, umo\u017cliwiaj\u0105ca p\u0142ukanie i wirowanie bez brudzenia r\u0105k. Zestaw zawiera: wiadro z wir\u00f3wk\u0105, mop i kij.<\/p>\n","protected":false},"featured_media":2365,"comment_status":"closed","ping_status":"closed","template":"","meta":{"inline_featured_image":false},"product_brand":[],"product_cat":[158],"product_tag":[],"class_list":{"0":"post-2364","1":"product","2":"type-product","3":"status-publish","4":"has-post-thumbnail","6":"product_cat-mopy-wklady","8":"first","9":"instock","10":"taxable","11":"shipping-taxable","12":"purchasable","13":"product-type-simple"},"_links":{"self":[{"href":"https:\/\/cormenpolska.pl\/index.php?rest_route=\/wp\/v2\/product\/2364","targetHints":{"allow":["GET"]}}],"collection":[{"href":"https:\/\/cormenpolska.pl\/index.php?rest_route=\/wp\/v2\/product"}],"about":[{"href":"https:\/\/cormenpolska.pl\/index.php?rest_route=\/wp\/v2\/types\/product"}],"replies":[{"embeddable":true,"href":"https:\/\/cormenpolska.pl\/index.php?rest_route=%2Fwp%2Fv2%2Fcomments&post=2364"}],"wp:featuredmedia":[{"embeddable":true,"href":"https:\/\/cormenpolska.pl\/index.php?rest_route=\/wp\/v2\/media\/2365"}],"wp:attachment":[{"href":"https:\/\/cormenpolska.pl\/index.php?rest_route=%2Fwp%2Fv2%2Fmedia&parent=2364"}],"wp:term":[{"taxonomy":"product_brand","embeddable":true,"href":"https:\/\/cormenpolska.pl\/index.php?rest_route=%2Fwp%2Fv2%2Fproduct_brand&post=2364"},{"taxonomy":"product_cat","embeddable":true,"href":"https:\/\/cormenpolska.pl\/index.php?rest_route=%2Fwp%2Fv2%2Fproduct_cat&post=2364"},{"taxonomy":"product_tag","embeddable":true,"href":"https:\/\/cormenpolska.pl\/index.php?rest_route=%2Fwp%2Fv2%2Fproduct_tag&post=2364"}],"curies":[{"name":"wp","href":"https:\/\/api.w.org\/{rel}","templated":true}]}}