{"id":2366,"date":"2022-05-30T09:41:42","date_gmt":"2022-05-30T09:41:42","guid":{"rendered":"https:\/\/cormenpolska.pl\/?post_type=product&#038;p=2366"},"modified":"2022-09-06T10:42:45","modified_gmt":"2022-09-06T10:42:45","slug":"wymiana-do-zestawu-smarteo","status":"publish","type":"product","link":"https:\/\/cormenpolska.pl\/?product=wymiana-do-zestawu-smarteo","title":{"rendered":"Wymiana do zestawu-SMARTEO"},"content":{"rendered":"<p>Wymiana do mopa Smarteo. Wykonana z wysokiej jako\u015bci mikrofibry: szoruje, usuwa t\u0142uste plamy, czy\u015bci i piel\u0119gnuje powierzchni\u0119.<\/p>\n","protected":false},"excerpt":{"rendered":"<p>Wymiana do mopa Smarteo. Wykonana z wysokiej jako\u015bci mikrofibry: szoruje, usuwa t\u0142uste plamy, czy\u015bci i piel\u0119gnuje powierzchni\u0119.<\/p>\n","protected":false},"featured_media":2367,"comment_status":"closed","ping_status":"closed","template":"","meta":{"inline_featured_image":false},"product_brand":[],"product_cat":[158],"product_tag":[],"class_list":{"0":"post-2366","1":"product","2":"type-product","3":"status-publish","4":"has-post-thumbnail","6":"product_cat-mopy-wklady","8":"first","9":"instock","10":"taxable","11":"shipping-taxable","12":"purchasable","13":"product-type-simple"},"_links":{"self":[{"href":"https:\/\/cormenpolska.pl\/index.php?rest_route=\/wp\/v2\/product\/2366","targetHints":{"allow":["GET"]}}],"collection":[{"href":"https:\/\/cormenpolska.pl\/index.php?rest_route=\/wp\/v2\/product"}],"about":[{"href":"https:\/\/cormenpolska.pl\/index.php?rest_route=\/wp\/v2\/types\/product"}],"replies":[{"embeddable":true,"href":"https:\/\/cormenpolska.pl\/index.php?rest_route=%2Fwp%2Fv2%2Fcomments&post=2366"}],"wp:featuredmedia":[{"embeddable":true,"href":"https:\/\/cormenpolska.pl\/index.php?rest_route=\/wp\/v2\/media\/2367"}],"wp:attachment":[{"href":"https:\/\/cormenpolska.pl\/index.php?rest_route=%2Fwp%2Fv2%2Fmedia&parent=2366"}],"wp:term":[{"taxonomy":"product_brand","embeddable":true,"href":"https:\/\/cormenpolska.pl\/index.php?rest_route=%2Fwp%2Fv2%2Fproduct_brand&post=2366"},{"taxonomy":"product_cat","embeddable":true,"href":"https:\/\/cormenpolska.pl\/index.php?rest_route=%2Fwp%2Fv2%2Fproduct_cat&post=2366"},{"taxonomy":"product_tag","embeddable":true,"href":"https:\/\/cormenpolska.pl\/index.php?rest_route=%2Fwp%2Fv2%2Fproduct_tag&post=2366"}],"curies":[{"name":"wp","href":"https:\/\/api.w.org\/{rel}","templated":true}]}}