{"id":2449,"date":"2022-06-03T09:43:36","date_gmt":"2022-06-03T09:43:36","guid":{"rendered":"https:\/\/cormenpolska.pl\/?post_type=product&#038;p=2449"},"modified":"2023-03-06T18:12:29","modified_gmt":"2023-03-06T18:12:29","slug":"wiadro-12-l","status":"publish","type":"product","link":"https:\/\/cormenpolska.pl\/?product=wiadro-12-l","title":{"rendered":"WIADRO 12 l"},"content":{"rendered":"<p>Wiadro o pojemno\u015bci 12 l, wyposa\u017cone jest w &#8220;dziubek&#8221; i dodatkowy uchwyt na dole, kt\u00f3re u\u0142atwiaj\u0105 wylewanie wody.<\/p>\n","protected":false},"excerpt":{"rendered":"<p>Wiadro o pojemno\u015bci 12 l, wyposa\u017cone jest w &#8220;dziubek&#8221; i dodatkowy uchwyt na dole, kt\u00f3re u\u0142atwiaj\u0105 wylewanie wody.<\/p>\n","protected":false},"featured_media":2450,"comment_status":"closed","ping_status":"closed","template":"","meta":{"inline_featured_image":false},"product_brand":[],"product_cat":[157],"product_tag":[],"class_list":{"0":"post-2449","1":"product","2":"type-product","3":"status-publish","4":"has-post-thumbnail","6":"product_cat-wozki-i-wiadra-do-sprzatania","8":"first","9":"instock","10":"taxable","11":"shipping-taxable","12":"purchasable","13":"product-type-simple"},"_links":{"self":[{"href":"https:\/\/cormenpolska.pl\/index.php?rest_route=\/wp\/v2\/product\/2449","targetHints":{"allow":["GET"]}}],"collection":[{"href":"https:\/\/cormenpolska.pl\/index.php?rest_route=\/wp\/v2\/product"}],"about":[{"href":"https:\/\/cormenpolska.pl\/index.php?rest_route=\/wp\/v2\/types\/product"}],"replies":[{"embeddable":true,"href":"https:\/\/cormenpolska.pl\/index.php?rest_route=%2Fwp%2Fv2%2Fcomments&post=2449"}],"wp:featuredmedia":[{"embeddable":true,"href":"https:\/\/cormenpolska.pl\/index.php?rest_route=\/wp\/v2\/media\/2450"}],"wp:attachment":[{"href":"https:\/\/cormenpolska.pl\/index.php?rest_route=%2Fwp%2Fv2%2Fmedia&parent=2449"}],"wp:term":[{"taxonomy":"product_brand","embeddable":true,"href":"https:\/\/cormenpolska.pl\/index.php?rest_route=%2Fwp%2Fv2%2Fproduct_brand&post=2449"},{"taxonomy":"product_cat","embeddable":true,"href":"https:\/\/cormenpolska.pl\/index.php?rest_route=%2Fwp%2Fv2%2Fproduct_cat&post=2449"},{"taxonomy":"product_tag","embeddable":true,"href":"https:\/\/cormenpolska.pl\/index.php?rest_route=%2Fwp%2Fv2%2Fproduct_tag&post=2449"}],"curies":[{"name":"wp","href":"https:\/\/api.w.org\/{rel}","templated":true}]}}