{"id":2487,"date":"2022-06-03T11:40:03","date_gmt":"2022-06-03T11:40:03","guid":{"rendered":"https:\/\/cormenpolska.pl\/?post_type=product&#038;p=2487"},"modified":"2023-03-06T18:04:36","modified_gmt":"2023-03-06T18:04:36","slug":"sciagaczka","status":"publish","type":"product","link":"https:\/\/cormenpolska.pl\/?product=sciagaczka","title":{"rendered":"\u015aci\u0105gaczka"},"content":{"rendered":"<p>Innowacyjna \u015bci\u0105gaczka, dzi\u0119ki gumowej p\u0142ytce, ogranicza rozpryskiwanie wody na boki. Posiada czy\u015bcik umo\u017cliwiaj\u0105cy czyszczenie odp\u0142ywu wody z zabrudzen i w\u0142os\u00f3w. Bardzo dok\u0142adnie zbiera wod\u0119 z rog\u00f3w. Praktyczny, obrotowy haczyk umo\u017cliwia zawieszenie \u015bci\u0105gaczki w dowolnym miejscu w \u0142azience.<\/p>\n","protected":false},"excerpt":{"rendered":"<p>Innowacyjna \u015bci\u0105gaczka, dzi\u0119ki gumowej p\u0142ytce, ogranicza rozpryskiwanie wody na boki. Posiada czy\u015bcik umo\u017cliwiaj\u0105cy czyszczenie odp\u0142ywu wody z zabrudzen i w\u0142os\u00f3w. Bardzo dok\u0142adnie zbiera wod\u0119 z rog\u00f3w. Praktyczny, obrotowy haczyk umo\u017cliwia zawieszenie \u015bci\u0105gaczki w dowolnym miejscu w \u0142azience.<\/p>\n","protected":false},"featured_media":2488,"comment_status":"closed","ping_status":"closed","template":"","meta":{"inline_featured_image":false},"product_brand":[],"product_cat":[167],"product_tag":[],"class_list":{"0":"post-2487","1":"product","2":"type-product","3":"status-publish","4":"has-post-thumbnail","6":"product_cat-inne","8":"first","9":"instock","10":"taxable","11":"shipping-taxable","12":"purchasable","13":"product-type-simple"},"_links":{"self":[{"href":"https:\/\/cormenpolska.pl\/index.php?rest_route=\/wp\/v2\/product\/2487","targetHints":{"allow":["GET"]}}],"collection":[{"href":"https:\/\/cormenpolska.pl\/index.php?rest_route=\/wp\/v2\/product"}],"about":[{"href":"https:\/\/cormenpolska.pl\/index.php?rest_route=\/wp\/v2\/types\/product"}],"replies":[{"embeddable":true,"href":"https:\/\/cormenpolska.pl\/index.php?rest_route=%2Fwp%2Fv2%2Fcomments&post=2487"}],"wp:featuredmedia":[{"embeddable":true,"href":"https:\/\/cormenpolska.pl\/index.php?rest_route=\/wp\/v2\/media\/2488"}],"wp:attachment":[{"href":"https:\/\/cormenpolska.pl\/index.php?rest_route=%2Fwp%2Fv2%2Fmedia&parent=2487"}],"wp:term":[{"taxonomy":"product_brand","embeddable":true,"href":"https:\/\/cormenpolska.pl\/index.php?rest_route=%2Fwp%2Fv2%2Fproduct_brand&post=2487"},{"taxonomy":"product_cat","embeddable":true,"href":"https:\/\/cormenpolska.pl\/index.php?rest_route=%2Fwp%2Fv2%2Fproduct_cat&post=2487"},{"taxonomy":"product_tag","embeddable":true,"href":"https:\/\/cormenpolska.pl\/index.php?rest_route=%2Fwp%2Fv2%2Fproduct_tag&post=2487"}],"curies":[{"name":"wp","href":"https:\/\/api.w.org\/{rel}","templated":true}]}}