{"id":2495,"date":"2022-06-03T11:47:38","date_gmt":"2022-06-03T11:47:38","guid":{"rendered":"https:\/\/cormenpolska.pl\/?post_type=product&#038;p=2495"},"modified":"2023-03-06T18:03:24","modified_gmt":"2023-03-06T18:03:24","slug":"szczoteczka-do-rak-i-paznokci","status":"publish","type":"product","link":"https:\/\/cormenpolska.pl\/?product=szczoteczka-do-rak-i-paznokci","title":{"rendered":"Szczoteczka do r\u0105k i paznokci"},"content":{"rendered":"<p>Dok\u0142adnie czy\u015bci d\u0142onie i paznokcie dzi\u0119ki r\u00f3\u017cnej d\u0142ugo\u015bci w\u0142osiu. Ergonomiczna forma sprawia, \u017ce szczoteczka pewnie le\u017cy w d\u0142oni i jest wygodna w u\u017cyciu.<\/p>\n","protected":false},"excerpt":{"rendered":"<p>Dok\u0142adnie czy\u015bci d\u0142onie i paznokcie dzi\u0119ki r\u00f3\u017cnej d\u0142ugo\u015bci w\u0142osiu. Ergonomiczna forma sprawia, \u017ce szczoteczka pewnie le\u017cy w d\u0142oni i jest wygodna w u\u017cyciu.<\/p>\n","protected":false},"featured_media":2496,"comment_status":"closed","ping_status":"closed","template":"","meta":{"inline_featured_image":false},"product_brand":[],"product_cat":[161],"product_tag":[],"class_list":{"0":"post-2495","1":"product","2":"type-product","3":"status-publish","4":"has-post-thumbnail","6":"product_cat-szczotki","8":"first","9":"instock","10":"taxable","11":"shipping-taxable","12":"purchasable","13":"product-type-simple"},"_links":{"self":[{"href":"https:\/\/cormenpolska.pl\/index.php?rest_route=\/wp\/v2\/product\/2495","targetHints":{"allow":["GET"]}}],"collection":[{"href":"https:\/\/cormenpolska.pl\/index.php?rest_route=\/wp\/v2\/product"}],"about":[{"href":"https:\/\/cormenpolska.pl\/index.php?rest_route=\/wp\/v2\/types\/product"}],"replies":[{"embeddable":true,"href":"https:\/\/cormenpolska.pl\/index.php?rest_route=%2Fwp%2Fv2%2Fcomments&post=2495"}],"wp:featuredmedia":[{"embeddable":true,"href":"https:\/\/cormenpolska.pl\/index.php?rest_route=\/wp\/v2\/media\/2496"}],"wp:attachment":[{"href":"https:\/\/cormenpolska.pl\/index.php?rest_route=%2Fwp%2Fv2%2Fmedia&parent=2495"}],"wp:term":[{"taxonomy":"product_brand","embeddable":true,"href":"https:\/\/cormenpolska.pl\/index.php?rest_route=%2Fwp%2Fv2%2Fproduct_brand&post=2495"},{"taxonomy":"product_cat","embeddable":true,"href":"https:\/\/cormenpolska.pl\/index.php?rest_route=%2Fwp%2Fv2%2Fproduct_cat&post=2495"},{"taxonomy":"product_tag","embeddable":true,"href":"https:\/\/cormenpolska.pl\/index.php?rest_route=%2Fwp%2Fv2%2Fproduct_tag&post=2495"}],"curies":[{"name":"wp","href":"https:\/\/api.w.org\/{rel}","templated":true}]}}