{"id":2497,"date":"2022-06-03T11:48:50","date_gmt":"2022-06-03T11:48:50","guid":{"rendered":"https:\/\/cormenpolska.pl\/?post_type=product&#038;p=2497"},"modified":"2023-03-06T18:03:03","modified_gmt":"2023-03-06T18:03:03","slug":"elastyczna-szczotka-do-mycia-i-szorowania","status":"publish","type":"product","link":"https:\/\/cormenpolska.pl\/?product=elastyczna-szczotka-do-mycia-i-szorowania","title":{"rendered":"Elastyczna szczotka do mycia i szorowania"},"content":{"rendered":"<p>Idealnie dopasowuje si\u0119 do wypuk\u0142ych i wkl\u0119s\u0142ych form w kuchni i \u0142azience, dzi\u0119ki czemu umo\u017cliwia czyszczenie problematycznych miejsc. Doskonale radzi sobie z trudnymi zabrudzeniami.<\/p>\n","protected":false},"excerpt":{"rendered":"<p>Idealnie dopasowuje si\u0119 do wypuk\u0142ych i wkl\u0119s\u0142ych form w kuchni i \u0142azience, dzi\u0119ki czemu umo\u017cliwia czyszczenie problematycznych miejsc. Doskonale radzi sobie z trudnymi zabrudzeniami.<\/p>\n","protected":false},"featured_media":2498,"comment_status":"closed","ping_status":"closed","template":"","meta":{"inline_featured_image":false},"product_brand":[],"product_cat":[161],"product_tag":[],"class_list":{"0":"post-2497","1":"product","2":"type-product","3":"status-publish","4":"has-post-thumbnail","6":"product_cat-szczotki","8":"first","9":"instock","10":"taxable","11":"shipping-taxable","12":"purchasable","13":"product-type-simple"},"_links":{"self":[{"href":"https:\/\/cormenpolska.pl\/index.php?rest_route=\/wp\/v2\/product\/2497","targetHints":{"allow":["GET"]}}],"collection":[{"href":"https:\/\/cormenpolska.pl\/index.php?rest_route=\/wp\/v2\/product"}],"about":[{"href":"https:\/\/cormenpolska.pl\/index.php?rest_route=\/wp\/v2\/types\/product"}],"replies":[{"embeddable":true,"href":"https:\/\/cormenpolska.pl\/index.php?rest_route=%2Fwp%2Fv2%2Fcomments&post=2497"}],"wp:featuredmedia":[{"embeddable":true,"href":"https:\/\/cormenpolska.pl\/index.php?rest_route=\/wp\/v2\/media\/2498"}],"wp:attachment":[{"href":"https:\/\/cormenpolska.pl\/index.php?rest_route=%2Fwp%2Fv2%2Fmedia&parent=2497"}],"wp:term":[{"taxonomy":"product_brand","embeddable":true,"href":"https:\/\/cormenpolska.pl\/index.php?rest_route=%2Fwp%2Fv2%2Fproduct_brand&post=2497"},{"taxonomy":"product_cat","embeddable":true,"href":"https:\/\/cormenpolska.pl\/index.php?rest_route=%2Fwp%2Fv2%2Fproduct_cat&post=2497"},{"taxonomy":"product_tag","embeddable":true,"href":"https:\/\/cormenpolska.pl\/index.php?rest_route=%2Fwp%2Fv2%2Fproduct_tag&post=2497"}],"curies":[{"name":"wp","href":"https:\/\/api.w.org\/{rel}","templated":true}]}}