{"id":2503,"date":"2022-06-03T11:53:39","date_gmt":"2022-06-03T11:53:39","guid":{"rendered":"https:\/\/cormenpolska.pl\/?post_type=product&#038;p=2503"},"modified":"2022-09-06T10:09:24","modified_gmt":"2022-09-06T10:09:24","slug":"szczotka-2-w-1","status":"publish","type":"product","link":"https:\/\/cormenpolska.pl\/?product=szczotka-2-w-1","title":{"rendered":"SZCZOTKA 2 w 1"},"content":{"rendered":"<p>Doskona\u0142a do usuwania uporczywych zabrudze\u0144 w kuchni i \u0142azience. Specjalny mechanizm umo\u017cliwia wysuni\u0119cie w\u0105skiej cz\u0119\u015bci szczotki, kt\u00f3ra idealnie sprawdzi si\u0119 w czyszczeniu trudno dost\u0119pnych miejsc, fug i k\u0105t\u00f3w. Wygodna, ogumowana r\u0105czka zapewnia komfort u\u017cywania i zapobiega wy\u015blizgiwaniu z r\u0105k.<\/p>\n","protected":false},"excerpt":{"rendered":"<p>Doskona\u0142a do usuwania uporczywych zabrudze\u0144 w kuchni i \u0142azience. Specjalny mechanizm umo\u017cliwia wysuni\u0119cie w\u0105skiej cz\u0119\u015bci szczotki, kt\u00f3ra idealnie sprawdzi si\u0119 w czyszczeniu trudno dost\u0119pnych miejsc, fug i k\u0105t\u00f3w. Wygodna, ogumowana r\u0105czka zapewnia komfort u\u017cywania i zapobiega wy\u015blizgiwaniu z r\u0105k.<\/p>\n","protected":false},"featured_media":2504,"comment_status":"closed","ping_status":"closed","template":"","meta":{"inline_featured_image":false},"product_brand":[],"product_cat":[161],"product_tag":[],"class_list":{"0":"post-2503","1":"product","2":"type-product","3":"status-publish","4":"has-post-thumbnail","6":"product_cat-szczotki","8":"first","9":"instock","10":"taxable","11":"shipping-taxable","12":"purchasable","13":"product-type-simple"},"_links":{"self":[{"href":"https:\/\/cormenpolska.pl\/index.php?rest_route=\/wp\/v2\/product\/2503","targetHints":{"allow":["GET"]}}],"collection":[{"href":"https:\/\/cormenpolska.pl\/index.php?rest_route=\/wp\/v2\/product"}],"about":[{"href":"https:\/\/cormenpolska.pl\/index.php?rest_route=\/wp\/v2\/types\/product"}],"replies":[{"embeddable":true,"href":"https:\/\/cormenpolska.pl\/index.php?rest_route=%2Fwp%2Fv2%2Fcomments&post=2503"}],"wp:featuredmedia":[{"embeddable":true,"href":"https:\/\/cormenpolska.pl\/index.php?rest_route=\/wp\/v2\/media\/2504"}],"wp:attachment":[{"href":"https:\/\/cormenpolska.pl\/index.php?rest_route=%2Fwp%2Fv2%2Fmedia&parent=2503"}],"wp:term":[{"taxonomy":"product_brand","embeddable":true,"href":"https:\/\/cormenpolska.pl\/index.php?rest_route=%2Fwp%2Fv2%2Fproduct_brand&post=2503"},{"taxonomy":"product_cat","embeddable":true,"href":"https:\/\/cormenpolska.pl\/index.php?rest_route=%2Fwp%2Fv2%2Fproduct_cat&post=2503"},{"taxonomy":"product_tag","embeddable":true,"href":"https:\/\/cormenpolska.pl\/index.php?rest_route=%2Fwp%2Fv2%2Fproduct_tag&post=2503"}],"curies":[{"name":"wp","href":"https:\/\/api.w.org\/{rel}","templated":true}]}}