{"id":2522,"date":"2022-06-03T12:09:14","date_gmt":"2022-06-03T12:09:14","guid":{"rendered":"https:\/\/cormenpolska.pl\/?post_type=product&#038;p=2522"},"modified":"2023-03-06T17:58:24","modified_gmt":"2023-03-06T17:58:24","slug":"podkladka-do-zlewu","status":"publish","type":"product","link":"https:\/\/cormenpolska.pl\/?product=podkladka-do-zlewu","title":{"rendered":"PODK\u0141ADKA DO ZLEWU"},"content":{"rendered":"<p>Zatrzymuje wi\u0119ksze resztki jedzenia i zapobiega zatkaniu odp\u0142ywu. Dodatkowo amortyzuje i zabezpiecza naczynia przed uszkodzeniem.<\/p>\n","protected":false},"excerpt":{"rendered":"<p>Zatrzymuje wi\u0119ksze resztki jedzenia i zapobiega zatkaniu odp\u0142ywu. Dodatkowo amortyzuje i zabezpiecza naczynia przed uszkodzeniem.<\/p>\n","protected":false},"featured_media":2523,"comment_status":"closed","ping_status":"closed","template":"","meta":{"inline_featured_image":false},"product_brand":[],"product_cat":[167],"product_tag":[],"class_list":{"0":"post-2522","1":"product","2":"type-product","3":"status-publish","4":"has-post-thumbnail","6":"product_cat-inne","8":"first","9":"instock","10":"taxable","11":"shipping-taxable","12":"purchasable","13":"product-type-simple"},"_links":{"self":[{"href":"https:\/\/cormenpolska.pl\/index.php?rest_route=\/wp\/v2\/product\/2522","targetHints":{"allow":["GET"]}}],"collection":[{"href":"https:\/\/cormenpolska.pl\/index.php?rest_route=\/wp\/v2\/product"}],"about":[{"href":"https:\/\/cormenpolska.pl\/index.php?rest_route=\/wp\/v2\/types\/product"}],"replies":[{"embeddable":true,"href":"https:\/\/cormenpolska.pl\/index.php?rest_route=%2Fwp%2Fv2%2Fcomments&post=2522"}],"wp:featuredmedia":[{"embeddable":true,"href":"https:\/\/cormenpolska.pl\/index.php?rest_route=\/wp\/v2\/media\/2523"}],"wp:attachment":[{"href":"https:\/\/cormenpolska.pl\/index.php?rest_route=%2Fwp%2Fv2%2Fmedia&parent=2522"}],"wp:term":[{"taxonomy":"product_brand","embeddable":true,"href":"https:\/\/cormenpolska.pl\/index.php?rest_route=%2Fwp%2Fv2%2Fproduct_brand&post=2522"},{"taxonomy":"product_cat","embeddable":true,"href":"https:\/\/cormenpolska.pl\/index.php?rest_route=%2Fwp%2Fv2%2Fproduct_cat&post=2522"},{"taxonomy":"product_tag","embeddable":true,"href":"https:\/\/cormenpolska.pl\/index.php?rest_route=%2Fwp%2Fv2%2Fproduct_tag&post=2522"}],"curies":[{"name":"wp","href":"https:\/\/api.w.org\/{rel}","templated":true}]}}