{"id":2524,"date":"2022-06-03T12:10:15","date_gmt":"2022-06-03T12:10:15","guid":{"rendered":"https:\/\/cormenpolska.pl\/?post_type=product&#038;p=2524"},"modified":"2022-09-06T10:03:06","modified_gmt":"2022-09-06T10:03:06","slug":"zestaw-wc","status":"publish","type":"product","link":"https:\/\/cormenpolska.pl\/?product=zestaw-wc","title":{"rendered":"ZESTAW WC"},"content":{"rendered":"<p>Niezast\u0105piony w ka\u017cdej \u0142azience. Antypo\u015blizgowa podstawa chroni pod\u0142og\u0119 \u0142azienki przed zarysowaniami i przesuwaniem. Specjalne wg\u0142\u0119bienie na szczotk\u0119 umo\u017cliwia jej \u0142atw\u0105 dezynfekcj\u0119. Ksztat szczotki umo\u017cliwia dok\u0142adne mycie najmniej dost\u0119pnych zakamark\u00f3w toalety.<\/p>\n","protected":false},"excerpt":{"rendered":"<p>Niezast\u0105piony w ka\u017cdej \u0142azience. Antypo\u015blizgowa podstawa chroni pod\u0142og\u0119 \u0142azienki przed zarysowaniami i przesuwaniem. Specjalne wg\u0142\u0119bienie na szczotk\u0119 umo\u017cliwia jej \u0142atw\u0105 dezynfekcj\u0119. Ksztat szczotki umo\u017cliwia dok\u0142adne mycie najmniej dost\u0119pnych zakamark\u00f3w toalety.<\/p>\n","protected":false},"featured_media":2525,"comment_status":"closed","ping_status":"closed","template":"","meta":{"inline_featured_image":false},"product_brand":[],"product_cat":[161],"product_tag":[],"class_list":{"0":"post-2524","1":"product","2":"type-product","3":"status-publish","4":"has-post-thumbnail","6":"product_cat-szczotki","8":"first","9":"instock","10":"taxable","11":"shipping-taxable","12":"purchasable","13":"product-type-simple"},"_links":{"self":[{"href":"https:\/\/cormenpolska.pl\/index.php?rest_route=\/wp\/v2\/product\/2524","targetHints":{"allow":["GET"]}}],"collection":[{"href":"https:\/\/cormenpolska.pl\/index.php?rest_route=\/wp\/v2\/product"}],"about":[{"href":"https:\/\/cormenpolska.pl\/index.php?rest_route=\/wp\/v2\/types\/product"}],"replies":[{"embeddable":true,"href":"https:\/\/cormenpolska.pl\/index.php?rest_route=%2Fwp%2Fv2%2Fcomments&post=2524"}],"wp:featuredmedia":[{"embeddable":true,"href":"https:\/\/cormenpolska.pl\/index.php?rest_route=\/wp\/v2\/media\/2525"}],"wp:attachment":[{"href":"https:\/\/cormenpolska.pl\/index.php?rest_route=%2Fwp%2Fv2%2Fmedia&parent=2524"}],"wp:term":[{"taxonomy":"product_brand","embeddable":true,"href":"https:\/\/cormenpolska.pl\/index.php?rest_route=%2Fwp%2Fv2%2Fproduct_brand&post=2524"},{"taxonomy":"product_cat","embeddable":true,"href":"https:\/\/cormenpolska.pl\/index.php?rest_route=%2Fwp%2Fv2%2Fproduct_cat&post=2524"},{"taxonomy":"product_tag","embeddable":true,"href":"https:\/\/cormenpolska.pl\/index.php?rest_route=%2Fwp%2Fv2%2Fproduct_tag&post=2524"}],"curies":[{"name":"wp","href":"https:\/\/api.w.org\/{rel}","templated":true}]}}