{"id":2526,"date":"2022-06-03T12:11:34","date_gmt":"2022-06-03T12:11:34","guid":{"rendered":"https:\/\/cormenpolska.pl\/?post_type=product&#038;p=2526"},"modified":"2023-03-06T17:57:58","modified_gmt":"2023-03-06T17:57:58","slug":"wymienna-szczotka-do-zestawu-wc-elephant","status":"publish","type":"product","link":"https:\/\/cormenpolska.pl\/?product=wymienna-szczotka-do-zestawu-wc-elephant","title":{"rendered":"Wymienna szczotka do zestawu WC Elephant"},"content":{"rendered":"<p>Ergonomiczna, antypo\u015blizgowa r\u0105czka zapewnia wygod\u0119 u\u017cycia. Umo\u017cliwia umycie trudno dost\u0119pnych miejsc.<\/p>\n","protected":false},"excerpt":{"rendered":"<p>Ergonomiczna, antypo\u015blizgowa r\u0105czka zapewnia wygod\u0119 u\u017cycia. Umo\u017cliwia umycie trudno dost\u0119pnych miejsc.<\/p>\n","protected":false},"featured_media":2527,"comment_status":"closed","ping_status":"closed","template":"","meta":{"inline_featured_image":false},"product_brand":[],"product_cat":[161],"product_tag":[],"class_list":{"0":"post-2526","1":"product","2":"type-product","3":"status-publish","4":"has-post-thumbnail","6":"product_cat-szczotki","8":"first","9":"instock","10":"taxable","11":"shipping-taxable","12":"purchasable","13":"product-type-simple"},"_links":{"self":[{"href":"https:\/\/cormenpolska.pl\/index.php?rest_route=\/wp\/v2\/product\/2526","targetHints":{"allow":["GET"]}}],"collection":[{"href":"https:\/\/cormenpolska.pl\/index.php?rest_route=\/wp\/v2\/product"}],"about":[{"href":"https:\/\/cormenpolska.pl\/index.php?rest_route=\/wp\/v2\/types\/product"}],"replies":[{"embeddable":true,"href":"https:\/\/cormenpolska.pl\/index.php?rest_route=%2Fwp%2Fv2%2Fcomments&post=2526"}],"wp:featuredmedia":[{"embeddable":true,"href":"https:\/\/cormenpolska.pl\/index.php?rest_route=\/wp\/v2\/media\/2527"}],"wp:attachment":[{"href":"https:\/\/cormenpolska.pl\/index.php?rest_route=%2Fwp%2Fv2%2Fmedia&parent=2526"}],"wp:term":[{"taxonomy":"product_brand","embeddable":true,"href":"https:\/\/cormenpolska.pl\/index.php?rest_route=%2Fwp%2Fv2%2Fproduct_brand&post=2526"},{"taxonomy":"product_cat","embeddable":true,"href":"https:\/\/cormenpolska.pl\/index.php?rest_route=%2Fwp%2Fv2%2Fproduct_cat&post=2526"},{"taxonomy":"product_tag","embeddable":true,"href":"https:\/\/cormenpolska.pl\/index.php?rest_route=%2Fwp%2Fv2%2Fproduct_tag&post=2526"}],"curies":[{"name":"wp","href":"https:\/\/api.w.org\/{rel}","templated":true}]}}