{"id":2687,"date":"2022-07-18T15:45:58","date_gmt":"2022-07-18T15:45:58","guid":{"rendered":"https:\/\/cormenpolska.pl\/?post_type=product&#038;p=2687"},"modified":"2023-08-01T10:03:13","modified_gmt":"2023-08-01T10:03:13","slug":"gastro-professional-maszynowe-mycie-naczyn-12-kg","status":"publish","type":"product","link":"https:\/\/cormenpolska.pl\/?product=gastro-professional-maszynowe-mycie-naczyn-12-kg","title":{"rendered":"GASTRO PROFESSIONAL MASZYNOWE MYCIE NACZY\u0143 12 kg"},"content":{"rendered":"<p>Przeznaczony do mycia naczy\u0144 i szk\u0142a w profesjonalnych zmywarkach. Nie nadaje si\u0119 do naczy\u0144 z metali kolorowych i aluminium. P\u0142ynny, bezfosforanowy, wysoko skoncentrowany \u015brodek czyszcz\u0105cy, przeznaczony do wszystkich rodzaj\u00f3w<br \/>\nprofesjonalnych zmywarek do naczy\u0144 i szk\u0142a z automatycznym dawkowaniem. Osi\u0105ga wy\u017cszy efekt myj\u0105cy ju\u017c przy niskim dawkowaniu i w\u0142a\u015bciwym ustawieniu zmywarki w zale\u017cno\u015bci od twardo\u015bci wody. \u015arodek jest r\u00f3wnie\u017c stosowany do mycia szk\u0142a<br \/>\npo napojach. Do p\u0142ukania u\u017cyj Gastro professional maszynowe p\u0142ukanie naczy\u0144.<\/p>\n<p>pH koncentratu: 14<\/p>\n","protected":false},"excerpt":{"rendered":"<p>Przeznaczony do mycia naczy\u0144 i szk\u0142a w profesjonalnych zmywarkach. Nie nadaje si\u0119 do naczy\u0144 z metali kolorowych i aluminium. P\u0142ynny, bezfosforanowy, wysoko skoncentrowany \u015brodek czyszcz\u0105cy, przeznaczony do wszystkich rodzaj\u00f3w profesjonalnych zmywarek do naczy\u0144 i szk\u0142a z automatycznym dawkowaniem. Osi\u0105ga wy\u017cszy &hellip; <a class=\"kt-excerpt-readmore more-link\" href=\"https:\/\/cormenpolska.pl\/?product=gastro-professional-maszynowe-mycie-naczyn-12-kg\">Czytaj wi\u0119cej<\/a><\/p>\n","protected":false},"featured_media":0,"comment_status":"closed","ping_status":"closed","template":"","meta":{"inline_featured_image":false},"product_brand":[],"product_cat":[17],"product_tag":[],"class_list":{"0":"post-2687","1":"product","2":"type-product","3":"status-publish","5":"product_cat-bez-kategorii","7":"first","8":"instock","9":"taxable","10":"shipping-taxable","11":"purchasable","12":"product-type-simple"},"_links":{"self":[{"href":"https:\/\/cormenpolska.pl\/index.php?rest_route=\/wp\/v2\/product\/2687","targetHints":{"allow":["GET"]}}],"collection":[{"href":"https:\/\/cormenpolska.pl\/index.php?rest_route=\/wp\/v2\/product"}],"about":[{"href":"https:\/\/cormenpolska.pl\/index.php?rest_route=\/wp\/v2\/types\/product"}],"replies":[{"embeddable":true,"href":"https:\/\/cormenpolska.pl\/index.php?rest_route=%2Fwp%2Fv2%2Fcomments&post=2687"}],"wp:attachment":[{"href":"https:\/\/cormenpolska.pl\/index.php?rest_route=%2Fwp%2Fv2%2Fmedia&parent=2687"}],"wp:term":[{"taxonomy":"product_brand","embeddable":true,"href":"https:\/\/cormenpolska.pl\/index.php?rest_route=%2Fwp%2Fv2%2Fproduct_brand&post=2687"},{"taxonomy":"product_cat","embeddable":true,"href":"https:\/\/cormenpolska.pl\/index.php?rest_route=%2Fwp%2Fv2%2Fproduct_cat&post=2687"},{"taxonomy":"product_tag","embeddable":true,"href":"https:\/\/cormenpolska.pl\/index.php?rest_route=%2Fwp%2Fv2%2Fproduct_tag&post=2687"}],"curies":[{"name":"wp","href":"https:\/\/api.w.org\/{rel}","templated":true}]}}