{"id":2789,"date":"2022-10-10T08:12:21","date_gmt":"2022-10-10T08:12:21","guid":{"rendered":"https:\/\/cormenpolska.pl\/?post_type=product&#038;p=2789"},"modified":"2024-01-17T13:16:13","modified_gmt":"2024-01-17T13:16:13","slug":"papier-toaletowy-jumbo-bialy-tloczony-perforowany-170mb","status":"publish","type":"product","link":"https:\/\/cormenpolska.pl\/?product=papier-toaletowy-jumbo-bialy-tloczony-perforowany-170mb","title":{"rendered":"Papier toaletowy jumbo bia\u0142y t\u0142oczony, perforowany 150mb"},"content":{"rendered":"<p>Papier toaletowy jumbo bia\u0142y t\u0142oczony, perforowany 150mb, 100% celuloza, 2 warstwowy, 12 rolek<\/p>\n","protected":false},"excerpt":{"rendered":"<p>Papier toaletowy jumbo bia\u0142y t\u0142oczony, perforowany 150mb, 100% celuloza, 2 warstwowy, 12 rolek<\/p>\n","protected":false},"featured_media":2790,"comment_status":"closed","ping_status":"closed","template":"","meta":{"inline_featured_image":false},"product_brand":[],"product_cat":[148],"product_tag":[],"class_list":{"0":"post-2789","1":"product","2":"type-product","3":"status-publish","4":"has-post-thumbnail","6":"product_cat-papiery-toaletowe","8":"first","9":"instock","10":"taxable","11":"shipping-taxable","12":"purchasable","13":"product-type-simple"},"_links":{"self":[{"href":"https:\/\/cormenpolska.pl\/index.php?rest_route=\/wp\/v2\/product\/2789","targetHints":{"allow":["GET"]}}],"collection":[{"href":"https:\/\/cormenpolska.pl\/index.php?rest_route=\/wp\/v2\/product"}],"about":[{"href":"https:\/\/cormenpolska.pl\/index.php?rest_route=\/wp\/v2\/types\/product"}],"replies":[{"embeddable":true,"href":"https:\/\/cormenpolska.pl\/index.php?rest_route=%2Fwp%2Fv2%2Fcomments&post=2789"}],"wp:featuredmedia":[{"embeddable":true,"href":"https:\/\/cormenpolska.pl\/index.php?rest_route=\/wp\/v2\/media\/2790"}],"wp:attachment":[{"href":"https:\/\/cormenpolska.pl\/index.php?rest_route=%2Fwp%2Fv2%2Fmedia&parent=2789"}],"wp:term":[{"taxonomy":"product_brand","embeddable":true,"href":"https:\/\/cormenpolska.pl\/index.php?rest_route=%2Fwp%2Fv2%2Fproduct_brand&post=2789"},{"taxonomy":"product_cat","embeddable":true,"href":"https:\/\/cormenpolska.pl\/index.php?rest_route=%2Fwp%2Fv2%2Fproduct_cat&post=2789"},{"taxonomy":"product_tag","embeddable":true,"href":"https:\/\/cormenpolska.pl\/index.php?rest_route=%2Fwp%2Fv2%2Fproduct_tag&post=2789"}],"curies":[{"name":"wp","href":"https:\/\/api.w.org\/{rel}","templated":true}]}}