{"id":2801,"date":"2022-10-10T10:49:48","date_gmt":"2022-10-10T10:49:48","guid":{"rendered":"https:\/\/cormenpolska.pl\/?post_type=product&#038;p=2801"},"modified":"2024-08-02T12:40:51","modified_gmt":"2024-08-02T12:40:51","slug":"recznik-wl-soft-plus-40-70-a50-60g-skladany-50szt","status":"publish","type":"product","link":"https:\/\/cormenpolska.pl\/?product=recznik-wl-soft-plus-40-70-a50-60g-skladany-50szt","title":{"rendered":"R\u0118CZNIK W\u0141.SOFT PLUS 40\/70 A50 60G SK\u0141ADANY 50SZT."},"content":{"rendered":"<p>R\u0118CZNIK W\u0141.SOFT PLUS 40\/70 A50 60G SK\u0141ADANY 50SZT., idealnie sprawdza si\u0119 w gabinetach kosmetycznych, SPA jak r\u00f3wnie\u017c w salonach fryzjerskich.<\/p>\n<p>&nbsp;<\/p>\n","protected":false},"excerpt":{"rendered":"<p>R\u0118CZNIK W\u0141.SOFT PLUS 40\/70 A50 60G SK\u0141ADANY 50SZT., idealnie sprawdza si\u0119 w gabinetach kosmetycznych, SPA jak r\u00f3wnie\u017c w salonach fryzjerskich. &nbsp;<\/p>\n","protected":false},"featured_media":2802,"comment_status":"closed","ping_status":"closed","template":"","meta":{"inline_featured_image":false},"product_brand":[],"product_cat":[149],"product_tag":[],"class_list":{"0":"post-2801","1":"product","2":"type-product","3":"status-publish","4":"has-post-thumbnail","6":"product_cat-czysciwa-celulozowe-i-wlokninowe","8":"first","9":"instock","10":"taxable","11":"shipping-taxable","12":"purchasable","13":"product-type-simple"},"_links":{"self":[{"href":"https:\/\/cormenpolska.pl\/index.php?rest_route=\/wp\/v2\/product\/2801","targetHints":{"allow":["GET"]}}],"collection":[{"href":"https:\/\/cormenpolska.pl\/index.php?rest_route=\/wp\/v2\/product"}],"about":[{"href":"https:\/\/cormenpolska.pl\/index.php?rest_route=\/wp\/v2\/types\/product"}],"replies":[{"embeddable":true,"href":"https:\/\/cormenpolska.pl\/index.php?rest_route=%2Fwp%2Fv2%2Fcomments&post=2801"}],"wp:featuredmedia":[{"embeddable":true,"href":"https:\/\/cormenpolska.pl\/index.php?rest_route=\/wp\/v2\/media\/2802"}],"wp:attachment":[{"href":"https:\/\/cormenpolska.pl\/index.php?rest_route=%2Fwp%2Fv2%2Fmedia&parent=2801"}],"wp:term":[{"taxonomy":"product_brand","embeddable":true,"href":"https:\/\/cormenpolska.pl\/index.php?rest_route=%2Fwp%2Fv2%2Fproduct_brand&post=2801"},{"taxonomy":"product_cat","embeddable":true,"href":"https:\/\/cormenpolska.pl\/index.php?rest_route=%2Fwp%2Fv2%2Fproduct_cat&post=2801"},{"taxonomy":"product_tag","embeddable":true,"href":"https:\/\/cormenpolska.pl\/index.php?rest_route=%2Fwp%2Fv2%2Fproduct_tag&post=2801"}],"curies":[{"name":"wp","href":"https:\/\/api.w.org\/{rel}","templated":true}]}}