{"id":2806,"date":"2022-10-10T14:19:49","date_gmt":"2022-10-10T14:19:49","guid":{"rendered":"https:\/\/cormenpolska.pl\/?post_type=product&#038;p=2806"},"modified":"2022-10-10T14:19:49","modified_gmt":"2022-10-10T14:19:49","slug":"worki-na-smieci-35l-50szt-hdpe-eco","status":"publish","type":"product","link":"https:\/\/cormenpolska.pl\/?product=worki-na-smieci-35l-50szt-hdpe-eco","title":{"rendered":"WORKI NA \u015aMIECI 35l 50szt. HDPE ECO"},"content":{"rendered":"<div class=\"st_read_more_box\">\n<p><strong>Worki na \u015bmieci 35 litr\u00f3w 50szt. HDPE czarne, mocne ECO<br \/>\n<\/strong><\/p>\n<p>Odpowiednia grubo\u015b\u0107 i jako\u015b\u0107 folii work\u00f3w na \u015bmieci gwarantuje bardzo du\u017c\u0105 wytrzyma\u0142o\u015b\u0107, kt\u00f3ra pozwala na bezproblemowe korzystanie z nich w gospodarstwie domowym, biurach, zak\u0142adach produkcyjnych i us\u0142ugowych. Worki na \u015bmieci s\u0105 doskona\u0142ym, zgodnym z ekologi\u0105, rozwi\u0105zaniem problemu \u015bmieci w ka\u017cdej firmie i gospodarstwie domowym.<\/p>\n<\/div>\n","protected":false},"excerpt":{"rendered":"<p>Worki na \u015bmieci 35 litr\u00f3w 50szt. HDPE czarne, mocne ECO Odpowiednia grubo\u015b\u0107 i jako\u015b\u0107 folii work\u00f3w na \u015bmieci gwarantuje bardzo du\u017c\u0105 wytrzyma\u0142o\u015b\u0107, kt\u00f3ra pozwala na bezproblemowe korzystanie z nich w gospodarstwie domowym, biurach, zak\u0142adach produkcyjnych i us\u0142ugowych. Worki na \u015bmieci &hellip; <a class=\"kt-excerpt-readmore more-link\" href=\"https:\/\/cormenpolska.pl\/?product=worki-na-smieci-35l-50szt-hdpe-eco\">Czytaj wi\u0119cej<\/a><\/p>\n","protected":false},"featured_media":0,"comment_status":"closed","ping_status":"closed","template":"","meta":{"inline_featured_image":false},"product_brand":[],"product_cat":[164],"product_tag":[],"class_list":{"0":"post-2806","1":"product","2":"type-product","3":"status-publish","5":"product_cat-worki-na-odpady","7":"first","8":"instock","9":"taxable","10":"shipping-taxable","11":"purchasable","12":"product-type-simple"},"_links":{"self":[{"href":"https:\/\/cormenpolska.pl\/index.php?rest_route=\/wp\/v2\/product\/2806","targetHints":{"allow":["GET"]}}],"collection":[{"href":"https:\/\/cormenpolska.pl\/index.php?rest_route=\/wp\/v2\/product"}],"about":[{"href":"https:\/\/cormenpolska.pl\/index.php?rest_route=\/wp\/v2\/types\/product"}],"replies":[{"embeddable":true,"href":"https:\/\/cormenpolska.pl\/index.php?rest_route=%2Fwp%2Fv2%2Fcomments&post=2806"}],"wp:attachment":[{"href":"https:\/\/cormenpolska.pl\/index.php?rest_route=%2Fwp%2Fv2%2Fmedia&parent=2806"}],"wp:term":[{"taxonomy":"product_brand","embeddable":true,"href":"https:\/\/cormenpolska.pl\/index.php?rest_route=%2Fwp%2Fv2%2Fproduct_brand&post=2806"},{"taxonomy":"product_cat","embeddable":true,"href":"https:\/\/cormenpolska.pl\/index.php?rest_route=%2Fwp%2Fv2%2Fproduct_cat&post=2806"},{"taxonomy":"product_tag","embeddable":true,"href":"https:\/\/cormenpolska.pl\/index.php?rest_route=%2Fwp%2Fv2%2Fproduct_tag&post=2806"}],"curies":[{"name":"wp","href":"https:\/\/api.w.org\/{rel}","templated":true}]}}