{"id":2891,"date":"2023-05-16T09:39:48","date_gmt":"2023-05-16T09:39:48","guid":{"rendered":"https:\/\/cormenpolska.pl\/?post_type=product&#038;p=2891"},"modified":"2023-05-16T09:39:48","modified_gmt":"2023-05-16T09:39:48","slug":"vakavo-uniwersalny-750ml","status":"publish","type":"product","link":"https:\/\/cormenpolska.pl\/?product=vakavo-uniwersalny-750ml","title":{"rendered":"VAKAVO uniwersalny 750ml"},"content":{"rendered":"<p>P\u0142ynny neutralny \u015brodek, kt\u00f3ry przeznaczony jest do codziennego sprz\u0105tania. Nadaje si\u0119 do mycia naczy\u0144, powierzchni i pod\u0142\u00f3g.<\/p>\n","protected":false},"excerpt":{"rendered":"<p>P\u0142ynny neutralny \u015brodek, kt\u00f3ry przeznaczony jest do codziennego sprz\u0105tania. Nadaje si\u0119 do mycia naczy\u0144, powierzchni i pod\u0142\u00f3g.<\/p>\n","protected":false},"featured_media":2892,"comment_status":"closed","ping_status":"closed","template":"","meta":{"inline_featured_image":false},"product_brand":[],"product_cat":[143],"product_tag":[],"class_list":{"0":"post-2891","1":"product","2":"type-product","3":"status-publish","4":"has-post-thumbnail","6":"product_cat-srodki-do-codziennego-mycia","8":"first","9":"instock","10":"taxable","11":"shipping-taxable","12":"purchasable","13":"product-type-simple"},"_links":{"self":[{"href":"https:\/\/cormenpolska.pl\/index.php?rest_route=\/wp\/v2\/product\/2891","targetHints":{"allow":["GET"]}}],"collection":[{"href":"https:\/\/cormenpolska.pl\/index.php?rest_route=\/wp\/v2\/product"}],"about":[{"href":"https:\/\/cormenpolska.pl\/index.php?rest_route=\/wp\/v2\/types\/product"}],"replies":[{"embeddable":true,"href":"https:\/\/cormenpolska.pl\/index.php?rest_route=%2Fwp%2Fv2%2Fcomments&post=2891"}],"wp:featuredmedia":[{"embeddable":true,"href":"https:\/\/cormenpolska.pl\/index.php?rest_route=\/wp\/v2\/media\/2892"}],"wp:attachment":[{"href":"https:\/\/cormenpolska.pl\/index.php?rest_route=%2Fwp%2Fv2%2Fmedia&parent=2891"}],"wp:term":[{"taxonomy":"product_brand","embeddable":true,"href":"https:\/\/cormenpolska.pl\/index.php?rest_route=%2Fwp%2Fv2%2Fproduct_brand&post=2891"},{"taxonomy":"product_cat","embeddable":true,"href":"https:\/\/cormenpolska.pl\/index.php?rest_route=%2Fwp%2Fv2%2Fproduct_cat&post=2891"},{"taxonomy":"product_tag","embeddable":true,"href":"https:\/\/cormenpolska.pl\/index.php?rest_route=%2Fwp%2Fv2%2Fproduct_tag&post=2891"}],"curies":[{"name":"wp","href":"https:\/\/api.w.org\/{rel}","templated":true}]}}