{"id":2897,"date":"2023-05-16T11:28:37","date_gmt":"2023-05-16T11:28:37","guid":{"rendered":"https:\/\/cormenpolska.pl\/?post_type=product&#038;p=2897"},"modified":"2024-07-23T10:29:52","modified_gmt":"2024-07-23T10:29:52","slug":"isolda-gold-body-lotion-400ml","status":"publish","type":"product","link":"https:\/\/cormenpolska.pl\/?product=isolda-gold-body-lotion-400ml","title":{"rendered":"ISOLDA Gold body lotion 400ml"},"content":{"rendered":"<p>P\u0142ynny balsam do cia\u0142a ISOLDA Gold dzi\u0119ki swojej formule optymalnie nawil\u017ca sk\u00f3r\u0119, zapewnia jej niezb\u0119dne nawil\u017cenie i nadaje aksamitn\u0105 mi\u0119kko\u015b\u0107. Stosuj regularnie w odpowiednich ilo\u015bciach. Sucha sk\u00f3ra stanie si\u0119 przesz\u0142o\u015bci\u0105.<\/p>\n","protected":false},"excerpt":{"rendered":"<p>P\u0142ynny balsam do cia\u0142a ISOLDA Gold dzi\u0119ki swojej formule optymalnie nawil\u017ca sk\u00f3r\u0119, zapewnia jej niezb\u0119dne nawil\u017cenie i nadaje aksamitn\u0105 mi\u0119kko\u015b\u0107. Stosuj regularnie w odpowiednich ilo\u015bciach. Sucha sk\u00f3ra stanie si\u0119 przesz\u0142o\u015bci\u0105.<\/p>\n","protected":false},"featured_media":2898,"comment_status":"closed","ping_status":"closed","template":"","meta":{"inline_featured_image":false},"product_brand":[],"product_cat":[134,132],"product_tag":[],"class_list":{"0":"post-2897","1":"product","2":"type-product","3":"status-publish","4":"has-post-thumbnail","6":"product_cat-kremy-do-rak-higiena-rak-i-ciala","7":"product_cat-szampony-i-zele-pod-prysznic","9":"first","10":"instock","11":"taxable","12":"shipping-taxable","13":"purchasable","14":"product-type-simple"},"_links":{"self":[{"href":"https:\/\/cormenpolska.pl\/index.php?rest_route=\/wp\/v2\/product\/2897","targetHints":{"allow":["GET"]}}],"collection":[{"href":"https:\/\/cormenpolska.pl\/index.php?rest_route=\/wp\/v2\/product"}],"about":[{"href":"https:\/\/cormenpolska.pl\/index.php?rest_route=\/wp\/v2\/types\/product"}],"replies":[{"embeddable":true,"href":"https:\/\/cormenpolska.pl\/index.php?rest_route=%2Fwp%2Fv2%2Fcomments&post=2897"}],"wp:featuredmedia":[{"embeddable":true,"href":"https:\/\/cormenpolska.pl\/index.php?rest_route=\/wp\/v2\/media\/2898"}],"wp:attachment":[{"href":"https:\/\/cormenpolska.pl\/index.php?rest_route=%2Fwp%2Fv2%2Fmedia&parent=2897"}],"wp:term":[{"taxonomy":"product_brand","embeddable":true,"href":"https:\/\/cormenpolska.pl\/index.php?rest_route=%2Fwp%2Fv2%2Fproduct_brand&post=2897"},{"taxonomy":"product_cat","embeddable":true,"href":"https:\/\/cormenpolska.pl\/index.php?rest_route=%2Fwp%2Fv2%2Fproduct_cat&post=2897"},{"taxonomy":"product_tag","embeddable":true,"href":"https:\/\/cormenpolska.pl\/index.php?rest_route=%2Fwp%2Fv2%2Fproduct_tag&post=2897"}],"curies":[{"name":"wp","href":"https:\/\/api.w.org\/{rel}","templated":true}]}}