{"id":2948,"date":"2023-08-03T07:45:57","date_gmt":"2023-08-03T07:45:57","guid":{"rendered":"https:\/\/cormenpolska.pl\/?post_type=product&#038;p=2948"},"modified":"2023-08-03T07:46:18","modified_gmt":"2023-08-03T07:46:18","slug":"uchwyt-na-butelke-ze-stali-nierdzewnej-400-ml-mydlo-w-plynie","status":"publish","type":"product","link":"https:\/\/cormenpolska.pl\/?product=uchwyt-na-butelke-ze-stali-nierdzewnej-400-ml-mydlo-w-plynie","title":{"rendered":"Uchwyt na butelk\u0119 ze stali nierdzewnej 400 ml &#8211; myd\u0142o w p\u0142ynie"},"content":{"rendered":"<p>Solidny uchwyt ze stali nierdzewnej na butelki z myd\u0142em w p\u0142ynie (z w\u0119\u017csz\u0105 szyjk\u0105) pomaga umie\u015bci\u0107 butelk\u0119 tak, aby nie przeszkadza\u0142a w czyszczeniu umywalki, a jednocze\u015bnie stanowi ciekawy designerski dodatek do \u0142azienki i pokoju hotelowego.<\/p>\n","protected":false},"excerpt":{"rendered":"<p>Solidny uchwyt ze stali nierdzewnej na butelki z myd\u0142em w p\u0142ynie (z w\u0119\u017csz\u0105 szyjk\u0105) pomaga umie\u015bci\u0107 butelk\u0119 tak, aby nie przeszkadza\u0142a w czyszczeniu umywalki, a jednocze\u015bnie stanowi ciekawy designerski dodatek do \u0142azienki i pokoju hotelowego.<\/p>\n","protected":false},"featured_media":2949,"comment_status":"closed","ping_status":"closed","template":"","meta":{"inline_featured_image":false},"product_brand":[],"product_cat":[152],"product_tag":[],"class_list":{"0":"post-2948","1":"product","2":"type-product","3":"status-publish","4":"has-post-thumbnail","6":"product_cat-dozowniki-na-mydlo-w-plynie","8":"first","9":"onbackorder","10":"taxable","11":"shipping-taxable","12":"purchasable","13":"product-type-simple"},"_links":{"self":[{"href":"https:\/\/cormenpolska.pl\/index.php?rest_route=\/wp\/v2\/product\/2948","targetHints":{"allow":["GET"]}}],"collection":[{"href":"https:\/\/cormenpolska.pl\/index.php?rest_route=\/wp\/v2\/product"}],"about":[{"href":"https:\/\/cormenpolska.pl\/index.php?rest_route=\/wp\/v2\/types\/product"}],"replies":[{"embeddable":true,"href":"https:\/\/cormenpolska.pl\/index.php?rest_route=%2Fwp%2Fv2%2Fcomments&post=2948"}],"wp:featuredmedia":[{"embeddable":true,"href":"https:\/\/cormenpolska.pl\/index.php?rest_route=\/wp\/v2\/media\/2949"}],"wp:attachment":[{"href":"https:\/\/cormenpolska.pl\/index.php?rest_route=%2Fwp%2Fv2%2Fmedia&parent=2948"}],"wp:term":[{"taxonomy":"product_brand","embeddable":true,"href":"https:\/\/cormenpolska.pl\/index.php?rest_route=%2Fwp%2Fv2%2Fproduct_brand&post=2948"},{"taxonomy":"product_cat","embeddable":true,"href":"https:\/\/cormenpolska.pl\/index.php?rest_route=%2Fwp%2Fv2%2Fproduct_cat&post=2948"},{"taxonomy":"product_tag","embeddable":true,"href":"https:\/\/cormenpolska.pl\/index.php?rest_route=%2Fwp%2Fv2%2Fproduct_tag&post=2948"}],"curies":[{"name":"wp","href":"https:\/\/api.w.org\/{rel}","templated":true}]}}