{"id":3057,"date":"2024-07-23T10:57:47","date_gmt":"2024-07-23T10:57:47","guid":{"rendered":"https:\/\/cormenpolska.pl\/?post_type=product&#038;p=3057"},"modified":"2024-07-23T11:09:48","modified_gmt":"2024-07-23T11:09:48","slug":"isolda-gold-odzywka-do-wlosow-hotelowka","status":"publish","type":"product","link":"https:\/\/cormenpolska.pl\/?product=isolda-gold-odzywka-do-wlosow-hotelowka","title":{"rendered":"ISOLDA Gold od\u017cywka do w\u0142os\u00f3w 75 ml hotel\u00f3wka"},"content":{"rendered":"<p>Luksusowa linia ISOLDA Gold zosta\u0142a uzupe\u0142niona o od\u017cywk\u0119 do w\u0142os\u00f3w w opakowaniu 75 ml, kt\u00f3ra znajdzie zastosowanie nie tylko w kosmetyce hotelowej, ale docenisz j\u0105 r\u00f3wnie\u017c w podr\u00f3\u017cy.<\/p>\n","protected":false},"excerpt":{"rendered":"<p>Luksusowa linia ISOLDA Gold zosta\u0142a uzupe\u0142niona o od\u017cywk\u0119 do w\u0142os\u00f3w w opakowaniu 75 ml, kt\u00f3ra znajdzie zastosowanie nie tylko w kosmetyce hotelowej, ale docenisz j\u0105 r\u00f3wnie\u017c w podr\u00f3\u017cy.<\/p>\n","protected":false},"featured_media":3058,"comment_status":"open","ping_status":"closed","template":"","meta":{"inline_featured_image":false},"product_brand":[],"product_cat":[118,133],"product_tag":[],"class_list":{"0":"post-3057","1":"product","2":"type-product","3":"status-publish","4":"has-post-thumbnail","6":"product_cat-higiena-rak-i-ciala","7":"product_cat-mydelka-hotelowe","9":"first","10":"onbackorder","11":"taxable","12":"shipping-taxable","13":"purchasable","14":"product-type-simple"},"_links":{"self":[{"href":"https:\/\/cormenpolska.pl\/index.php?rest_route=\/wp\/v2\/product\/3057","targetHints":{"allow":["GET"]}}],"collection":[{"href":"https:\/\/cormenpolska.pl\/index.php?rest_route=\/wp\/v2\/product"}],"about":[{"href":"https:\/\/cormenpolska.pl\/index.php?rest_route=\/wp\/v2\/types\/product"}],"replies":[{"embeddable":true,"href":"https:\/\/cormenpolska.pl\/index.php?rest_route=%2Fwp%2Fv2%2Fcomments&post=3057"}],"wp:featuredmedia":[{"embeddable":true,"href":"https:\/\/cormenpolska.pl\/index.php?rest_route=\/wp\/v2\/media\/3058"}],"wp:attachment":[{"href":"https:\/\/cormenpolska.pl\/index.php?rest_route=%2Fwp%2Fv2%2Fmedia&parent=3057"}],"wp:term":[{"taxonomy":"product_brand","embeddable":true,"href":"https:\/\/cormenpolska.pl\/index.php?rest_route=%2Fwp%2Fv2%2Fproduct_brand&post=3057"},{"taxonomy":"product_cat","embeddable":true,"href":"https:\/\/cormenpolska.pl\/index.php?rest_route=%2Fwp%2Fv2%2Fproduct_cat&post=3057"},{"taxonomy":"product_tag","embeddable":true,"href":"https:\/\/cormenpolska.pl\/index.php?rest_route=%2Fwp%2Fv2%2Fproduct_tag&post=3057"}],"curies":[{"name":"wp","href":"https:\/\/api.w.org\/{rel}","templated":true}]}}