{"id":3068,"date":"2024-07-23T11:24:27","date_gmt":"2024-07-23T11:24:27","guid":{"rendered":"https:\/\/cormenpolska.pl\/?post_type=product&#038;p=3068"},"modified":"2024-07-23T11:24:27","modified_gmt":"2024-07-23T11:24:27","slug":"isolda-silver-hair-body-75-ml-hotelowka","status":"publish","type":"product","link":"https:\/\/cormenpolska.pl\/?product=isolda-silver-hair-body-75-ml-hotelowka","title":{"rendered":"ISOLDA Silver hair &#038; body 75 ml hotel\u00f3wka"},"content":{"rendered":"<p>Luksusowy szampon do cia\u0142a i w\u0142os\u00f3w o zr\u00f3wnowa\u017conej recepturze i doskona\u0142ej przyswajalno\u015bci do pow\u0142oki sk\u00f3rnej.<\/p>\n","protected":false},"excerpt":{"rendered":"<p>Luksusowy szampon do cia\u0142a i w\u0142os\u00f3w o zr\u00f3wnowa\u017conej recepturze i doskona\u0142ej przyswajalno\u015bci do pow\u0142oki sk\u00f3rnej.<\/p>\n","protected":false},"featured_media":3069,"comment_status":"open","ping_status":"closed","template":"","meta":{"inline_featured_image":false},"product_brand":[],"product_cat":[118,133],"product_tag":[],"class_list":{"0":"post-3068","1":"product","2":"type-product","3":"status-publish","4":"has-post-thumbnail","6":"product_cat-higiena-rak-i-ciala","7":"product_cat-mydelka-hotelowe","9":"first","10":"instock","11":"taxable","12":"shipping-taxable","13":"purchasable","14":"product-type-simple"},"_links":{"self":[{"href":"https:\/\/cormenpolska.pl\/index.php?rest_route=\/wp\/v2\/product\/3068","targetHints":{"allow":["GET"]}}],"collection":[{"href":"https:\/\/cormenpolska.pl\/index.php?rest_route=\/wp\/v2\/product"}],"about":[{"href":"https:\/\/cormenpolska.pl\/index.php?rest_route=\/wp\/v2\/types\/product"}],"replies":[{"embeddable":true,"href":"https:\/\/cormenpolska.pl\/index.php?rest_route=%2Fwp%2Fv2%2Fcomments&post=3068"}],"wp:featuredmedia":[{"embeddable":true,"href":"https:\/\/cormenpolska.pl\/index.php?rest_route=\/wp\/v2\/media\/3069"}],"wp:attachment":[{"href":"https:\/\/cormenpolska.pl\/index.php?rest_route=%2Fwp%2Fv2%2Fmedia&parent=3068"}],"wp:term":[{"taxonomy":"product_brand","embeddable":true,"href":"https:\/\/cormenpolska.pl\/index.php?rest_route=%2Fwp%2Fv2%2Fproduct_brand&post=3068"},{"taxonomy":"product_cat","embeddable":true,"href":"https:\/\/cormenpolska.pl\/index.php?rest_route=%2Fwp%2Fv2%2Fproduct_cat&post=3068"},{"taxonomy":"product_tag","embeddable":true,"href":"https:\/\/cormenpolska.pl\/index.php?rest_route=%2Fwp%2Fv2%2Fproduct_tag&post=3068"}],"curies":[{"name":"wp","href":"https:\/\/api.w.org\/{rel}","templated":true}]}}