{"id":3078,"date":"2024-07-23T11:46:09","date_gmt":"2024-07-23T11:46:09","guid":{"rendered":"https:\/\/cormenpolska.pl\/?post_type=product&#038;p=3078"},"modified":"2024-07-23T11:51:16","modified_gmt":"2024-07-23T11:51:16","slug":"isolda-violet-energy-body-mydlo-w-plynie-5-l","status":"publish","type":"product","link":"https:\/\/cormenpolska.pl\/?product=isolda-violet-energy-body-mydlo-w-plynie-5-l","title":{"rendered":"ISOLDA Violet energy body myd\u0142o w p\u0142ynie 5 l"},"content":{"rendered":"<p>Delikatne myd\u0142o wzbogacone o olej s\u0142onecznikowy pozostawia sk\u00f3r\u0119 mi\u0119kk\u0105, wyg\u0142adza j\u0105 i przywraca jej naturaln\u0105 r\u00f3wnowag\u0119. Ciesz si\u0119 swoim rytua\u0142em mycia i zamie\u0144 go w chwil\u0119 relaksu. Zapach fio\u0142kowej energii przenosi Ci\u0119 na kwitn\u0105c\u0105 wiosenn\u0105 \u0142\u0105k\u0119 i stanowi idealny restart na najbardziej wymagaj\u0105ce dni.<\/p>\n<p>ISOLDA Violet energy body soap nadaje si\u0119 do mycia ca\u0142ego cia\u0142a i r\u0105k. Mo\u017cesz umie\u015bci\u0107 go pod prysznicem lub przy umywalce za pomoc\u0105 wytrzyma\u0142ego uchwytu ze stali nierdzewnej na myd\u0142a w p\u0142ynie i balsamy.\u200b<\/p>\n<p>Dawka pompy: 2 ml\u200b<\/p>\n","protected":false},"excerpt":{"rendered":"<p>Delikatne myd\u0142o wzbogacone o olej s\u0142onecznikowy pozostawia sk\u00f3r\u0119 mi\u0119kk\u0105, wyg\u0142adza j\u0105 i przywraca jej naturaln\u0105 r\u00f3wnowag\u0119. Ciesz si\u0119 swoim rytua\u0142em mycia i zamie\u0144 go w chwil\u0119 relaksu. Zapach fio\u0142kowej energii przenosi Ci\u0119 na kwitn\u0105c\u0105 wiosenn\u0105 \u0142\u0105k\u0119 i stanowi idealny restart &hellip; <a class=\"kt-excerpt-readmore more-link\" href=\"https:\/\/cormenpolska.pl\/?product=isolda-violet-energy-body-mydlo-w-plynie-5-l\">Czytaj wi\u0119cej<\/a><\/p>\n","protected":false},"featured_media":3079,"comment_status":"open","ping_status":"closed","template":"","meta":{"inline_featured_image":false},"product_brand":[],"product_cat":[118,130,132],"product_tag":[],"class_list":{"0":"post-3078","1":"product","2":"type-product","3":"status-publish","4":"has-post-thumbnail","6":"product_cat-higiena-rak-i-ciala","7":"product_cat-mydla-w-plynie-higiena-rak-i-ciala","8":"product_cat-szampony-i-zele-pod-prysznic","10":"first","11":"onbackorder","12":"taxable","13":"shipping-taxable","14":"purchasable","15":"product-type-simple"},"_links":{"self":[{"href":"https:\/\/cormenpolska.pl\/index.php?rest_route=\/wp\/v2\/product\/3078","targetHints":{"allow":["GET"]}}],"collection":[{"href":"https:\/\/cormenpolska.pl\/index.php?rest_route=\/wp\/v2\/product"}],"about":[{"href":"https:\/\/cormenpolska.pl\/index.php?rest_route=\/wp\/v2\/types\/product"}],"replies":[{"embeddable":true,"href":"https:\/\/cormenpolska.pl\/index.php?rest_route=%2Fwp%2Fv2%2Fcomments&post=3078"}],"wp:featuredmedia":[{"embeddable":true,"href":"https:\/\/cormenpolska.pl\/index.php?rest_route=\/wp\/v2\/media\/3079"}],"wp:attachment":[{"href":"https:\/\/cormenpolska.pl\/index.php?rest_route=%2Fwp%2Fv2%2Fmedia&parent=3078"}],"wp:term":[{"taxonomy":"product_brand","embeddable":true,"href":"https:\/\/cormenpolska.pl\/index.php?rest_route=%2Fwp%2Fv2%2Fproduct_brand&post=3078"},{"taxonomy":"product_cat","embeddable":true,"href":"https:\/\/cormenpolska.pl\/index.php?rest_route=%2Fwp%2Fv2%2Fproduct_cat&post=3078"},{"taxonomy":"product_tag","embeddable":true,"href":"https:\/\/cormenpolska.pl\/index.php?rest_route=%2Fwp%2Fv2%2Fproduct_tag&post=3078"}],"curies":[{"name":"wp","href":"https:\/\/api.w.org\/{rel}","templated":true}]}}