{"id":3102,"date":"2024-07-24T09:43:39","date_gmt":"2024-07-24T09:43:39","guid":{"rendered":"https:\/\/cormenpolska.pl\/?post_type=product&#038;p=3102"},"modified":"2025-02-26T14:54:59","modified_gmt":"2025-02-26T14:54:59","slug":"krystal-balsam-do-naczyn-macierzanka-5-l","status":"publish","type":"product","link":"https:\/\/cormenpolska.pl\/?product=krystal-balsam-do-naczyn-macierzanka-5-l","title":{"rendered":"KRYSTAL Balsam do naczy\u0144 macierzanka 5 l"},"content":{"rendered":"<p>Ma doskona\u0142e efekty myj\u0105ce, skutecznie usuwa t\u0142uszcz i wszelkiego rodzaju zabrudzenia. Dodatek macierzanki oraz starannie dobrane po\u0142\u0105czenie \u015brodk\u00f3w powierzchniowo czynnych sprawiaj\u0105, \u017ce detergent jest bardzo \u0142agodny dla sk\u00f3ry d\u0142oni. Doskona\u0142\u0105 zdolno\u015b\u0107 zmywania wykazano w przeprowadzonych testach talerzowych.<\/p>\n<p>Dawkowanie: 5-15 ml na 5 l ciep\u0142ej wody.\u200b<\/p>\n","protected":false},"excerpt":{"rendered":"<p>Ma doskona\u0142e efekty myj\u0105ce, skutecznie usuwa t\u0142uszcz i wszelkiego rodzaju zabrudzenia. Dodatek macierzanki oraz starannie dobrane po\u0142\u0105czenie \u015brodk\u00f3w powierzchniowo czynnych sprawiaj\u0105, \u017ce detergent jest bardzo \u0142agodny dla sk\u00f3ry d\u0142oni. Doskona\u0142\u0105 zdolno\u015b\u0107 zmywania wykazano w przeprowadzonych testach talerzowych. Dawkowanie: 5-15 ml &hellip; <a class=\"kt-excerpt-readmore more-link\" href=\"https:\/\/cormenpolska.pl\/?product=krystal-balsam-do-naczyn-macierzanka-5-l\">Czytaj wi\u0119cej<\/a><\/p>\n","protected":false},"featured_media":3103,"comment_status":"open","ping_status":"closed","template":"","meta":{"inline_featured_image":false},"product_brand":[],"product_cat":[125,120,139,144],"product_tag":[],"class_list":{"0":"post-3102","1":"product","2":"type-product","3":"status-publish","4":"has-post-thumbnail","6":"product_cat-chemia-gospodarcza","7":"product_cat-chemia-profesjonalna","8":"product_cat-obszar-kuchni","9":"product_cat-obszar-kuchni-chemia-gospodarcza","11":"first","12":"instock","13":"taxable","14":"shipping-taxable","15":"purchasable","16":"product-type-simple"},"_links":{"self":[{"href":"https:\/\/cormenpolska.pl\/index.php?rest_route=\/wp\/v2\/product\/3102","targetHints":{"allow":["GET"]}}],"collection":[{"href":"https:\/\/cormenpolska.pl\/index.php?rest_route=\/wp\/v2\/product"}],"about":[{"href":"https:\/\/cormenpolska.pl\/index.php?rest_route=\/wp\/v2\/types\/product"}],"replies":[{"embeddable":true,"href":"https:\/\/cormenpolska.pl\/index.php?rest_route=%2Fwp%2Fv2%2Fcomments&post=3102"}],"wp:featuredmedia":[{"embeddable":true,"href":"https:\/\/cormenpolska.pl\/index.php?rest_route=\/wp\/v2\/media\/3103"}],"wp:attachment":[{"href":"https:\/\/cormenpolska.pl\/index.php?rest_route=%2Fwp%2Fv2%2Fmedia&parent=3102"}],"wp:term":[{"taxonomy":"product_brand","embeddable":true,"href":"https:\/\/cormenpolska.pl\/index.php?rest_route=%2Fwp%2Fv2%2Fproduct_brand&post=3102"},{"taxonomy":"product_cat","embeddable":true,"href":"https:\/\/cormenpolska.pl\/index.php?rest_route=%2Fwp%2Fv2%2Fproduct_cat&post=3102"},{"taxonomy":"product_tag","embeddable":true,"href":"https:\/\/cormenpolska.pl\/index.php?rest_route=%2Fwp%2Fv2%2Fproduct_tag&post=3102"}],"curies":[{"name":"wp","href":"https:\/\/api.w.org\/{rel}","templated":true}]}}