{"id":3107,"date":"2024-07-24T10:00:41","date_gmt":"2024-07-24T10:00:41","guid":{"rendered":"https:\/\/cormenpolska.pl\/?post_type=product&#038;p=3107"},"modified":"2024-07-24T10:00:41","modified_gmt":"2024-07-24T10:00:41","slug":"tenzi-antystat-plyn-antyelektrostatyczny-spray-1l","status":"publish","type":"product","link":"https:\/\/cormenpolska.pl\/?product=tenzi-antystat-plyn-antyelektrostatyczny-spray-1l","title":{"rendered":"TENZI ANTYSTAT p\u0142yn antyelektrostatyczny spray 1L"},"content":{"rendered":"<p>Gotowy spray przeciw elektryzowaniu si\u0119 siedze\u0144, dywanik\u00f3w, tapicerek. Ogranicza osadzanie si\u0119 kurzu, u\u0142atwia usuwanie sier\u015bci zwierz\u0105t.<br \/>\nGotowy p\u0142yn antyelektrostatyczny o delikatnym \u015bwie\u017cym zapachu. Niezast\u0105piony w domu, w samochodzie, na stanowisku pracy. Rozprasza nagromadzone \u0142adunki elektrostatyczne oraz zapobiega ich ponownemu gromadzeniu si\u0119. Zapobiega elektryzowaniu si\u0119 wszelkiego rodzaju tkanin z w\u0142\u00f3kien naturalnych i syntetycznych, jak r\u00f3wnie\u017c dywan\u00f3w i tapicerki samochodowej. Eliminuje nieprzyjemne, a nawet gro\u017ane dla zdrowia wy\u0142adowania. Bardzo wydajny, nie wymaga sp\u0142ukiwania. U\u0142atwia usuwanie sier\u015bci zwierz\u0119cej z mebli tapicerowanych i tapicerki samochodowej. Przeciwdzia\u0142a osadzaniu si\u0119 kurzu na obudowach sprz\u0119tu elektronicznego i biurowego. Piel\u0119gnuje, ogranicza w du\u017cym stopniu odk\u0142adanie si\u0119 brudu, kurzu, roztoczy. Korzystnie dzia\u0142a na \u015brodowisko i ludzi. Bezpieczny dla otoczenia. Biodegradowalny.<\/p>\n<p>Zastosowanie:<br \/>\n&#8211; do eliminowania elektryzowania si\u0119 ubra\u0144, mebli, tapicerki samochodowej<br \/>\n&#8211; ubrania, dywany, wyk\u0142adziny, wn\u0119trza pojazd\u00f3w<br \/>\n&#8211; zmniejsza osadzanie si\u0119 kurzu na meblach, urz\u0105dzeniach biurowych, komputerach, p\u00f3\u0142kach, posadzkach<br \/>\n&#8211; u\u0142atwia odkurzanie i usuwanie sier\u015bci ps\u00f3w, kot\u00f3w z mebli, wersalek, naro\u017cnik\u00f3w, foteli, tapicerki samochodowej<\/p>\n<p>Spos\u00f3b u\u017cycia:<br \/>\n&#8211; produkt gotowy stosowa\u0107 bez rozcie\u0144czenia<br \/>\n&#8211; tekstylia: niewielk\u0105 ilo\u015b\u0107 preparatu nanie\u015b\u0107 za pomoc\u0105 spryskiwacza, pozostawi\u0107 do wyschni\u0119cia<br \/>\n&#8211; powierzchnie twarde: nanie\u015b\u0107 preparat za pomoc\u0105 spryskiwacza; przetrze\u0107 szmatk\u0105 lub mopem, pozostawi\u0107 do wyschni\u0119cia; w razie potrzeby przepolerowa\u0107;<br \/>\n&#8211; nie wymaga sp\u0142ukiwania.<\/p>\n","protected":false},"excerpt":{"rendered":"<p>Gotowy spray przeciw elektryzowaniu si\u0119 siedze\u0144, dywanik\u00f3w, tapicerek. Ogranicza osadzanie si\u0119 kurzu, u\u0142atwia usuwanie sier\u015bci zwierz\u0105t. Gotowy p\u0142yn antyelektrostatyczny o delikatnym \u015bwie\u017cym zapachu. Niezast\u0105piony w domu, w samochodzie, na stanowisku pracy. Rozprasza nagromadzone \u0142adunki elektrostatyczne oraz zapobiega ich ponownemu gromadzeniu &hellip; <a class=\"kt-excerpt-readmore more-link\" href=\"https:\/\/cormenpolska.pl\/?product=tenzi-antystat-plyn-antyelektrostatyczny-spray-1l\">Czytaj wi\u0119cej<\/a><\/p>\n","protected":false},"featured_media":3108,"comment_status":"open","ping_status":"closed","template":"","meta":{"inline_featured_image":false},"product_brand":[],"product_cat":[125,120],"product_tag":[],"class_list":{"0":"post-3107","1":"product","2":"type-product","3":"status-publish","4":"has-post-thumbnail","6":"product_cat-chemia-gospodarcza","7":"product_cat-chemia-profesjonalna","9":"first","10":"instock","11":"taxable","12":"shipping-taxable","13":"purchasable","14":"product-type-simple"},"_links":{"self":[{"href":"https:\/\/cormenpolska.pl\/index.php?rest_route=\/wp\/v2\/product\/3107","targetHints":{"allow":["GET"]}}],"collection":[{"href":"https:\/\/cormenpolska.pl\/index.php?rest_route=\/wp\/v2\/product"}],"about":[{"href":"https:\/\/cormenpolska.pl\/index.php?rest_route=\/wp\/v2\/types\/product"}],"replies":[{"embeddable":true,"href":"https:\/\/cormenpolska.pl\/index.php?rest_route=%2Fwp%2Fv2%2Fcomments&post=3107"}],"wp:featuredmedia":[{"embeddable":true,"href":"https:\/\/cormenpolska.pl\/index.php?rest_route=\/wp\/v2\/media\/3108"}],"wp:attachment":[{"href":"https:\/\/cormenpolska.pl\/index.php?rest_route=%2Fwp%2Fv2%2Fmedia&parent=3107"}],"wp:term":[{"taxonomy":"product_brand","embeddable":true,"href":"https:\/\/cormenpolska.pl\/index.php?rest_route=%2Fwp%2Fv2%2Fproduct_brand&post=3107"},{"taxonomy":"product_cat","embeddable":true,"href":"https:\/\/cormenpolska.pl\/index.php?rest_route=%2Fwp%2Fv2%2Fproduct_cat&post=3107"},{"taxonomy":"product_tag","embeddable":true,"href":"https:\/\/cormenpolska.pl\/index.php?rest_route=%2Fwp%2Fv2%2Fproduct_tag&post=3107"}],"curies":[{"name":"wp","href":"https:\/\/api.w.org\/{rel}","templated":true}]}}