{"id":3202,"date":"2024-08-07T11:23:00","date_gmt":"2024-08-07T11:23:00","guid":{"rendered":"https:\/\/cormenpolska.pl\/?post_type=product&#038;p=3202"},"modified":"2024-08-07T11:23:00","modified_gmt":"2024-08-07T11:23:00","slug":"k2-evos-zawieszka-deska-zapachowa-samurai","status":"publish","type":"product","link":"https:\/\/cormenpolska.pl\/?product=k2-evos-zawieszka-deska-zapachowa-samurai","title":{"rendered":"K2 EVOS zawieszka deska zapachowa SAMURAI"},"content":{"rendered":"<p>K2 EVOS to inspirowany natur\u0105, niezwyk\u0142y, samochodowy od\u015bwie\u017cacz powietrza w formie zawieszki z litego drewna z dwustronnym grawerem. Specjalnie dobrane kompozycje zapachowe z olejkami eterycznymi, d\u0142ugotrwale urzekaj\u0105 bogactwem i g\u0142\u0119bi\u0105 zapachu.<\/p>\n<p>Samurai to szlachetna i pikantna kompozycja zapachowa. W sercu samuraja bije serce z kardamonu, a w jego \u017cy\u0142ach kr\u0105\u017c\u0105 korzenne nuty w otoczeniu orientalnej wanilii. Nuta pomara\u0144czy rozgrzewa, tworz\u0105c ciep\u0142\u0105 i nieujarzmion\u0105 kompozycj\u0119. Zapach pobudza i motywuje do dzia\u0142ania. Sprostasz z nim ka\u017cdemu zadaniu.<\/p>\n<p><strong>SAMURAI<\/strong><br \/>\nRodzina zapachu: ORIENTALNA<br \/>\nNuta g\u0142owy: POMARA\u0143CZA<br \/>\nNuta serca: KARDAMON<br \/>\nNuta bazowa: WANILIA<\/p>\n","protected":false},"excerpt":{"rendered":"<p>K2 EVOS to inspirowany natur\u0105, niezwyk\u0142y, samochodowy od\u015bwie\u017cacz powietrza w formie zawieszki z litego drewna z dwustronnym grawerem. Specjalnie dobrane kompozycje zapachowe z olejkami eterycznymi, d\u0142ugotrwale urzekaj\u0105 bogactwem i g\u0142\u0119bi\u0105 zapachu. Samurai to szlachetna i pikantna kompozycja zapachowa. W sercu &hellip; <a class=\"kt-excerpt-readmore more-link\" href=\"https:\/\/cormenpolska.pl\/?product=k2-evos-zawieszka-deska-zapachowa-samurai\">Czytaj wi\u0119cej<\/a><\/p>\n","protected":false},"featured_media":3203,"comment_status":"open","ping_status":"closed","template":"","meta":{"inline_featured_image":false},"product_brand":[],"product_cat":[173],"product_tag":[],"class_list":{"0":"post-3202","1":"product","2":"type-product","3":"status-publish","4":"has-post-thumbnail","6":"product_cat-zapachy-samochodowe","8":"first","9":"instock","10":"taxable","11":"shipping-taxable","12":"purchasable","13":"product-type-simple"},"_links":{"self":[{"href":"https:\/\/cormenpolska.pl\/index.php?rest_route=\/wp\/v2\/product\/3202","targetHints":{"allow":["GET"]}}],"collection":[{"href":"https:\/\/cormenpolska.pl\/index.php?rest_route=\/wp\/v2\/product"}],"about":[{"href":"https:\/\/cormenpolska.pl\/index.php?rest_route=\/wp\/v2\/types\/product"}],"replies":[{"embeddable":true,"href":"https:\/\/cormenpolska.pl\/index.php?rest_route=%2Fwp%2Fv2%2Fcomments&post=3202"}],"wp:featuredmedia":[{"embeddable":true,"href":"https:\/\/cormenpolska.pl\/index.php?rest_route=\/wp\/v2\/media\/3203"}],"wp:attachment":[{"href":"https:\/\/cormenpolska.pl\/index.php?rest_route=%2Fwp%2Fv2%2Fmedia&parent=3202"}],"wp:term":[{"taxonomy":"product_brand","embeddable":true,"href":"https:\/\/cormenpolska.pl\/index.php?rest_route=%2Fwp%2Fv2%2Fproduct_brand&post=3202"},{"taxonomy":"product_cat","embeddable":true,"href":"https:\/\/cormenpolska.pl\/index.php?rest_route=%2Fwp%2Fv2%2Fproduct_cat&post=3202"},{"taxonomy":"product_tag","embeddable":true,"href":"https:\/\/cormenpolska.pl\/index.php?rest_route=%2Fwp%2Fv2%2Fproduct_tag&post=3202"}],"curies":[{"name":"wp","href":"https:\/\/api.w.org\/{rel}","templated":true}]}}