{"id":3204,"date":"2024-08-07T11:26:18","date_gmt":"2024-08-07T11:26:18","guid":{"rendered":"https:\/\/cormenpolska.pl\/?post_type=product&#038;p=3204"},"modified":"2024-08-07T12:04:42","modified_gmt":"2024-08-07T12:04:42","slug":"k2-evos-zawieszka-deska-zapachowa-viking","status":"publish","type":"product","link":"https:\/\/cormenpolska.pl\/?product=k2-evos-zawieszka-deska-zapachowa-viking","title":{"rendered":"K2 EVOS zawieszka deska zapachowa VIKING"},"content":{"rendered":"<p>K2 EVOS to inspirowany natur\u0105, niezwyk\u0142y, samochodowy od\u015bwie\u017cacz powietrza w formie zawieszki z litego drewna z dwustronnym grawerem. Specjalnie dobrane kompozycje zapachowe z olejkami eterycznymi, d\u0142ugotrwale urzekaj\u0105 bogactwem i g\u0142\u0119bi\u0105 zapachu.<\/p>\n<p>Obud\u017a w sobie ducha wojownika. K2 EVOS VIKING to po\u0142\u0105czenie kontrastuj\u0105cych nut zapachowych limonki oraz pi\u017cma &#8211; poznasz po nich cz\u0142owieka o nieprzeci\u0119tnym charakterze , a tak\u017ce zapachu wodnych kwiat\u00f3w ukazuj\u0105cych delikatno\u015b\u0107 jego natury. Niech fale orze\u017awienia ponios\u0105 Ci\u0119 w niezapomnian\u0105 podr\u00f3\u017c do bram zapachowej Valhalli.<\/p>\n<p><strong>VIKING<\/strong><br \/>\nRodzina zapachu: WODNA<br \/>\nNuta g\u0142owy: LIMONKA<br \/>\nNuta serca: WODNE KWIATY<br \/>\nNuta bazowa: PI\u017bMO<\/p>\n","protected":false},"excerpt":{"rendered":"<p>K2 EVOS to inspirowany natur\u0105, niezwyk\u0142y, samochodowy od\u015bwie\u017cacz powietrza w formie zawieszki z litego drewna z dwustronnym grawerem. Specjalnie dobrane kompozycje zapachowe z olejkami eterycznymi, d\u0142ugotrwale urzekaj\u0105 bogactwem i g\u0142\u0119bi\u0105 zapachu. Obud\u017a w sobie ducha wojownika. K2 EVOS VIKING to &hellip; <a class=\"kt-excerpt-readmore more-link\" href=\"https:\/\/cormenpolska.pl\/?product=k2-evos-zawieszka-deska-zapachowa-viking\">Czytaj wi\u0119cej<\/a><\/p>\n","protected":false},"featured_media":3219,"comment_status":"open","ping_status":"closed","template":"","meta":{"inline_featured_image":false},"product_brand":[],"product_cat":[173],"product_tag":[],"class_list":{"0":"post-3204","1":"product","2":"type-product","3":"status-publish","4":"has-post-thumbnail","6":"product_cat-zapachy-samochodowe","8":"first","9":"instock","10":"taxable","11":"shipping-taxable","12":"purchasable","13":"product-type-simple"},"_links":{"self":[{"href":"https:\/\/cormenpolska.pl\/index.php?rest_route=\/wp\/v2\/product\/3204","targetHints":{"allow":["GET"]}}],"collection":[{"href":"https:\/\/cormenpolska.pl\/index.php?rest_route=\/wp\/v2\/product"}],"about":[{"href":"https:\/\/cormenpolska.pl\/index.php?rest_route=\/wp\/v2\/types\/product"}],"replies":[{"embeddable":true,"href":"https:\/\/cormenpolska.pl\/index.php?rest_route=%2Fwp%2Fv2%2Fcomments&post=3204"}],"wp:featuredmedia":[{"embeddable":true,"href":"https:\/\/cormenpolska.pl\/index.php?rest_route=\/wp\/v2\/media\/3219"}],"wp:attachment":[{"href":"https:\/\/cormenpolska.pl\/index.php?rest_route=%2Fwp%2Fv2%2Fmedia&parent=3204"}],"wp:term":[{"taxonomy":"product_brand","embeddable":true,"href":"https:\/\/cormenpolska.pl\/index.php?rest_route=%2Fwp%2Fv2%2Fproduct_brand&post=3204"},{"taxonomy":"product_cat","embeddable":true,"href":"https:\/\/cormenpolska.pl\/index.php?rest_route=%2Fwp%2Fv2%2Fproduct_cat&post=3204"},{"taxonomy":"product_tag","embeddable":true,"href":"https:\/\/cormenpolska.pl\/index.php?rest_route=%2Fwp%2Fv2%2Fproduct_tag&post=3204"}],"curies":[{"name":"wp","href":"https:\/\/api.w.org\/{rel}","templated":true}]}}